{"id":8,"date":"2007-09-18T00:21:35","date_gmt":"2007-09-17T22:21:35","guid":{"rendered":"http:\/\/www.ilmenau.org\/wordpress\/?page_id=8"},"modified":"2012-04-06T00:59:02","modified_gmt":"2012-04-05T23:59:02","slug":"die-multimediale-karteikarte","status":"publish","type":"page","link":"https:\/\/www.ilmenau.org\/sites\/willkommen\/turbomed-leistungsbeschreibung\/die-multimediale-karteikarte\/","title":{"rendered":"Die multimediale Karteikarte"},"content":{"rendered":"<ul>\n<li>Zentrale Datenhaltung beim Patienten<\/li>\n<li>\u00a0multimediale Funktionen sind Bestandteil<\/li>\n<li>\u00a0individuelle Anzeigefilter<\/li>\n<li>einfache und intuitive Bedienung<\/li>\n<\/ul>\n<p>Die elektronische Karteikarte von TurboMed ist ein Herzst\u00fcck unseres Programms. Sie gen\u00fcgt hohen Anspr\u00fcchen: sie ist nicht nur ein einfacher Textsammler, sondern die zentrale Schaltstelle f\u00fcr alle auf den Patienten bezogenen Daten.<\/p>\n<p>So bietet sie nicht nur einen schnellen Zugriff auf alle erhobenen Befunde und Abrechnungsziffern, sondern vereint alle heute zeitgem\u00e4\u00dfen multimedialen F\u00e4higkeiten: nicht nur Texte, sondern Bilder, Briefe, Diktate, eingescannte Dokumente, Videosequenzen, Links (Verweise) zu beliebigen Zielen sind mit nur einer Taste bzw. einem Klick erreichbar. Im folgenden Bild ist das angedeutet. In allen Zeilen, in denen rechts ein <strong>blauer Punkt<\/strong> (<strong>Button<\/strong>) zu sehen ist, gen\u00fcgt die <strong>Enter-Taste<\/strong> oder <strong>ein Mausklick<\/strong>, um das betreffende Objekt zu \u00f6ffnen.<\/p>\n<p>So geschehen in diesem Beispiel mit einem Arztbrief und einem Diktat:<\/p>\n<p style=\"text-align: center;\"><a href=\"https:\/\/www.ilmenau.org\/sites\/?attachment_id=946\" rel=\"attachment wp-att-946\"><img decoding=\"async\" class=\"aligncenter  wp-image-946\" title=\"Elektronische Karteikarte\" src=\"https:\/\/www.ilmenau.org\/sites\/wp-content\/uploads\/2007\/09\/Elektronische-Karteikarte.jpg\" alt=\"\" width=\"520\" srcset=\"https:\/\/www.ilmenau.org\/sites\/wp-content\/uploads\/2007\/09\/Elektronische-Karteikarte.jpg 550w, https:\/\/www.ilmenau.org\/sites\/wp-content\/uploads\/2007\/09\/Elektronische-Karteikarte-150x141.jpg 150w, https:\/\/www.ilmenau.org\/sites\/wp-content\/uploads\/2007\/09\/Elektronische-Karteikarte-300x283.jpg 300w\" sizes=\"(max-width: 550px) 100vw, 550px\" \/><\/a><\/p>\n<p>Eine der <strong>herausragenden M\u00f6glichkeiten<\/strong> der TurboMed-Karteikarte sind die unten angebrachten <strong>Karteikarten-Reiter<\/strong>:<\/p>\n<p style=\"text-align: center;\"><a href=\"https:\/\/www.ilmenau.org\/sites\/?attachment_id=949\" rel=\"attachment wp-att-949\"><img decoding=\"async\" class=\"aligncenter  wp-image-949\" title=\"Reiterdarstellung\" src=\"https:\/\/www.ilmenau.org\/sites\/wp-content\/uploads\/2007\/09\/Reiterdarstellung.jpg\" alt=\"\" width=\"520\" srcset=\"https:\/\/www.ilmenau.org\/sites\/wp-content\/uploads\/2007\/09\/Reiterdarstellung.jpg 535w, https:\/\/www.ilmenau.org\/sites\/wp-content\/uploads\/2007\/09\/Reiterdarstellung-150x14.jpg 150w, https:\/\/www.ilmenau.org\/sites\/wp-content\/uploads\/2007\/09\/Reiterdarstellung-300x28.jpg 300w\" sizes=\"(max-width: 535px) 100vw, 535px\" \/><\/a><\/p>\n<p>Sie werden schon ahnen, wozu man diese so gut benutzen kann. Ein Klick (bzw.Tastenkombination) auf RR <strong>stellt alle Zeilen<\/strong> dar, die <strong>Blutdruckeintr\u00e4ge<\/strong> enthalten:<\/p>\n<p style=\"text-align: center;\"><img decoding=\"async\" src=\"..\/..\/..\/..\/images\/KarteiNurRR.jpg\" alt=\"\" \/><\/p>\n<p>Oder wie praktisch ist es, mit einem Klick die <strong>\u00dcbersicht \u00fcber alle Impfungen<\/strong> der letzten Zeit zu haben:<\/p>\n<p style=\"text-align: center;\"><img decoding=\"async\" src=\"..\/..\/..\/..\/images\/KarteiNurImpf.jpg\" alt=\"\" \/><\/p>\n<p>Oder: <strong>mal eben schnell<\/strong> alle Anamnesen und Befunde auf einen Blick:<\/p>\n<p style=\"text-align: center;\"><a href=\"https:\/\/www.ilmenau.org\/sites\/?attachment_id=952\" rel=\"attachment wp-att-952\"><img decoding=\"async\" class=\"aligncenter  wp-image-952\" title=\"KarteiNurAnaBef\" src=\"https:\/\/www.ilmenau.org\/sites\/wp-content\/uploads\/2007\/09\/KarteiNurAnaBef.jpg\" alt=\"\" width=\"520\" srcset=\"https:\/\/www.ilmenau.org\/sites\/wp-content\/uploads\/2007\/09\/KarteiNurAnaBef.jpg 536w, https:\/\/www.ilmenau.org\/sites\/wp-content\/uploads\/2007\/09\/KarteiNurAnaBef-150x100.jpg 150w, https:\/\/www.ilmenau.org\/sites\/wp-content\/uploads\/2007\/09\/KarteiNurAnaBef-300x200.jpg 300w\" sizes=\"(max-width: 536px) 100vw, 536px\" \/><\/a><\/p>\n<p>Sie k\u00f6nnen der Karteikarte jederzeit leicht neue Objekte hinzuf\u00fcgen, z.B. ein Bild, ein Dokument oder ein Diktat: das in TurboMed integrierte Diktierger\u00e4t nimmt Ihre Sprachaufzeichnung digital auf und speichert sie auf dem Computer ab. F\u00fcr die Verwendung ben\u00f6tigen Sie lediglich ein an den Computer angeschlossenes Mikrophon.<\/p>\n<p style=\"text-align: center;\"><img decoding=\"async\" src=\"..\/..\/..\/..\/images\/Diktat.gif\" alt=\"\" \/><\/p>\n<p>Die komfortablen Funktionen des TurboMed-Diktierger\u00e4tes lassen sich sowohl per Maus als auch \u00fcber die Tastatur bedienen.<\/p>\n<p>Selbst Videos, z.B. Gastroskopie-Sequenzen, lassen sich ohne Umst\u00e4nde und in beeindruckender Qualit\u00e4t in der Karteikarte aufnehmen und als entsprechenden Eintrag abspeichern.<\/p>\n<p>Eine erhebliche Arbeitserleichterung f\u00fcr h\u00e4ufig vorkommende Texte stellen Text-Expansionsmechanismen dar. Wir nennen diese &#8218;Makros&#8216;. Gibt man zum Beispiel die Abk\u00fcrzung &#8222;staso&#8220; (steht f\u00fcr Standard-Sonographiebefund) ein, so wird nach Bet\u00e4tigen einer Tastenkombination hieraus der ausf\u00fchrliche Normalbefund:<\/p>\n<p style=\"text-align: center;\"><img decoding=\"async\" src=\"..\/..\/..\/..\/images\/Makro.gif\" alt=\"\" \/><\/p>\n<p>Mit wenigen K\u00fcrzeln k\u00f6nnen Sie so immer wiederkehrende, komplexe Texte oder auch nur einzelne Zeilen sehr schnell erstellen. Makros sind ohne viel Zeitaufwand in beliebiger L\u00e4nge einrichtbar.<\/p>\n","protected":false},"excerpt":{"rendered":"<p>Zentrale Datenhaltung beim Patienten \u00a0multimediale Funktionen sind Bestandteil \u00a0individuelle Anzeigefilter einfache und intuitive Bedienung Die elektronische Karteikarte von TurboMed ist ein Herzst\u00fcck unseres Programms. Sie gen\u00fcgt hohen Anspr\u00fcchen: sie ist nicht nur ein einfacher Textsammler, sondern die zentrale Schaltstelle f\u00fcr alle auf den Patienten bezogenen Daten. So bietet sie nicht nur einen schnellen Zugriff auf [&hellip;]<\/p>\n","protected":false},"author":1,"featured_media":0,"parent":285,"menu_order":3,"comment_status":"closed","ping_status":"closed","template":"","meta":{"footnotes":""},"class_list":["post-8","page","type-page","status-publish","hentry"],"_links":{"self":[{"href":"https:\/\/www.ilmenau.org\/sites\/wp-json\/wp\/v2\/pages\/8","targetHints":{"allow":["GET"]}}],"collection":[{"href":"https:\/\/www.ilmenau.org\/sites\/wp-json\/wp\/v2\/pages"}],"about":[{"href":"https:\/\/www.ilmenau.org\/sites\/wp-json\/wp\/v2\/types\/page"}],"author":[{"embeddable":true,"href":"https:\/\/www.ilmenau.org\/sites\/wp-json\/wp\/v2\/users\/1"}],"replies":[{"embeddable":true,"href":"https:\/\/www.ilmenau.org\/sites\/wp-json\/wp\/v2\/comments?post=8"}],"version-history":[{"count":11,"href":"https:\/\/www.ilmenau.org\/sites\/wp-json\/wp\/v2\/pages\/8\/revisions"}],"predecessor-version":[{"id":337,"href":"https:\/\/www.ilmenau.org\/sites\/wp-json\/wp\/v2\/pages\/8\/revisions\/337"}],"up":[{"embeddable":true,"href":"https:\/\/www.ilmenau.org\/sites\/wp-json\/wp\/v2\/pages\/285"}],"wp:attachment":[{"href":"https:\/\/www.ilmenau.org\/sites\/wp-json\/wp\/v2\/media?parent=8"}],"curies":[{"name":"wp","href":"https:\/\/api.w.org\/{rel}","templated":true}]}}