{"id":507,"date":"2011-01-31T02:13:51","date_gmt":"2011-01-31T00:13:51","guid":{"rendered":"http:\/\/www.ilmenau.org\/sites\/?page_id=507"},"modified":"2012-10-12T00:33:19","modified_gmt":"2012-10-11T23:33:19","slug":"das-turbomed-praxisarchiv","status":"publish","type":"page","link":"https:\/\/www.ilmenau.org\/sites\/willkommen\/das-turbomed-praxisarchiv\/","title":{"rendered":"Das TurboMed.PraxisArchiv"},"content":{"rendered":"<h2>Das <strong>Turbo<\/strong>Med<strong>.PraxisArchiv<\/strong><\/h2>\n<ul>\n<li>Dokumenten-Management mit h\u00f6chster Sicherheit<\/li>\n<li>Basis einer revisionssicheren Dokumentation<\/li>\n<li>\u00dcbersichtlich und effi zient<\/li>\n<li>Ausbauf\u00e4hig je nach individuellem Bedarf<\/li>\n<li>Optimale Anbindung an TurboMed<\/li>\n<li>Ausgereiftes Datensicherungskonzept<\/li>\n<li>Unabh\u00e4ngig von \u00fcblichen Datei-Standards<\/li>\n<\/ul>\n<h3>&#8222;Alle Dokumente dort, wo man Sie erwartet, komfortabel und mit innovativer, schneller Sicherung gegen Datenverlust&#8220;<\/h3>\n<p style=\"text-align: justify;\">Schnelle Datenzugriffe, patienten\u00fcbergreifende Dokumentenrecherche, hohe Verf\u00fcgbarkeit und nat\u00fcrlich leichte Bedienung &#8211; das sind nur einige Erwartungen, die eine moderne Arztpraxis an ein Dokumenten-Management-System stellt. Dabei stellen die gesetzlichen Anforderungen, medizinische Dokumente mindestens 10 \u2013 30 Jahre Wiedervorlagef\u00e4hig zu archivieren, besonders hohe Anspr\u00fcche an die Datenbasis. So m\u00fcssen langj\u00e4hrig gespeicherte Dokumente jederzeit verf\u00fcgbar sein, selbst dann, wenn die Software laufend aktualisiert wurde.<\/p>\n<table cellpadding=\"5\">\n<tbody>\n<tr>\n<td style=\"text-align: justify;\">Mit TurboMed.PraxisArchiv steigern Sie Ihre Flexibilit\u00e4t und Datensicherheit. Eine in mehreren deutschen Arztpraxen durch das renommierte REFA-Institut erstellte Analyse hat gezeigt, dass sich durch den Einsatz des PraxisArchivs die wirtschaftliche und organisatorische Effizienz zahlreicher Arbeitsabl\u00e4ufe deutlich steigern l\u00e4sst. Zitat der REFA:<br \/>\n<em>\u201e\u2026bei der Betrachtung althergebrachter Papierarchivierung gegen\u00fcber moderner digitaler Archivierung mit TurboMed.PraxisArchiv ist deutlich zu erkennen, dass sich durch den Einsatz einer Archivierungssoftware die wirtschaftliche und organisatorische Effi zienz einer Arztpraxis mehr als verdoppeln l\u00e4sst.\u201c<\/em><em><br \/>\n<\/em><\/td>\n<td align=\"right\" valign=\"top\"><img loading=\"lazy\" decoding=\"async\" style=\"margin: 0px; border: 0pt none;\" src=\"http:\/\/www.turbomed.de\/data\/images\/Logos\/REFA_geprueft_klein.jpg\" alt=\"\" width=\"130\" height=\"130\" border=\"0\" \/><\/td>\n<\/tr>\n<\/tbody>\n<\/table>\n<table cellpadding=\"5\">\n<tbody>\n<tr>\n<td><img loading=\"lazy\" decoding=\"async\" class=\"aligncenter\" style=\"border: 0pt none;\" src=\"http:\/\/www.turbomed.de\/data\/images\/Logos\/PS_Archivierung_Compugrp_klein.jpg\" alt=\"\" width=\"220\" height=\"175\" border=\"0\" \/><\/td>\n<td style=\"text-align: justify;\">TurboMed.PraxisArchiv ist 2010 vom T\u00dcV Saarland als revisionssiches Dokumenten-Management-System zertifiziert worden. Mit einem innovativen Langzeit-Datensicherungskonzept ist das PraxisArchiv eine optimale und sinnvolle Erg\u00e4nzung zur elektronischen, multimedialen Karteikarte von TurboMed und bildet die Basis f\u00fcr eine zertifiziert-revisionssichere Datenhaltung.<\/td>\n<\/tr>\n<\/tbody>\n<\/table>\n<p style=\"text-align: justify;\">Gerade f\u00fcr Praxen, die ihre hochaufl\u00f6sende Sonografie- oder R\u00f6ntgenaufnahmen im DICOM-Format verwalten, bietet das PraxisArchiv mit seinen verschiedenen DICOM-Modulen einen flexiblen Einstieg. Verschiedene Einstiegspakete und vielf\u00e4ltige Erweiterungsm\u00f6glichkeiten des PraxisArchiv bieten eine passgenaue Integration f\u00fcr jede Praxisform und -gr\u00f6\u00dfe. Die Basis eines jeden PraxisArchivs ist dabei die Patientenakte.<\/p>\n<h3>Die Patientenakte<\/h3>\n<p style=\"text-align: justify;\">Das Kernst\u00fcck vom PraxisArchiv. In der Patientenakte werden alle Dokumente, wie Bilder, eingescannte Befundberichte, Videosequenzen oder DICOM-Aufnahmen etc. gespeichert. Die einzelnen Dateien werden unver\u00e4nderbar und mit einem Erstellungsdatum abgelegt. \u00c4nderungen an den gespeicherten Dokumenten sind nicht m\u00f6glich. Wird das Dokument aufgerufen und ver\u00e4ndert &#8211; also bspw. eine Bemerkung auf einem Befundbrief notiert &#8211; wird dieses ver\u00e4nderte Dokument als neuer Datensatz gespeichert. Das Originaldokument bleibt dabei unver\u00e4ndert erhalten. Auch nach Jahren kann so ein Original wieder angesehen oder ausgedruckt werden. Ein komfortabler Wartungslauf \u00fcberf\u00fchrt alle in der TurboMed-Karteikarte vorhandenen Dokumente der Patienten in das PraxisArchiv. Neue Dokumente werden danach zuk\u00fcnftig direkt im PraxisArchiv erfasst und mit der TurboMed-Karteikarte gekoppelt. Das PraxisArchiv bietet zudem weitere n\u00fctzliche Funktionen: eine datenbankweite Recherche nach frei w\u00e4hlbaren Suchbegriffen, das Importieren aus beliebigen Datenquellen, eine integrierte Bildbearbeitung und vieles mehr.<\/p>\n<h3>Integrierbare Datenquellen<\/h3>\n<p style=\"text-align: justify;\">Scanner, eMail, Digitalkamera, Videomikroskop, Ultraschall, PDF-Dokumente, Fax-Dokumente, Endoskopie, Digitales R\u00f6ntgen, Office-Dokumente, DICOM, Funduskamera, Videoger\u00e4te u.v.m.<\/p>\n<h3>Integrierte B\u00fcrofunktionen<\/h3>\n<p style=\"text-align: justify;\">\u00dcbernahme von Befundberichten, Arztbriefen usw. \u00fcber MS-Office-Schnittstelle. Automatische Daten\u00fcbergabe in Arztbriefe, Formulare. Die Post-, eMail- und Faxeing\u00e4nge k\u00f6nnen patientenbezogen zugeordnet werden. Export der Dokumente f\u00fcr CD oder USB-Stick.<\/p>\n<h3>Intelligentes Datensicherungskonzept<\/h3>\n<p style=\"text-align: justify;\">Mit dem PraxisArchiv sind gro\u00dfe Datenmengen einfach zu beherrschen. Die Daten werden in getrennten Dateneinheiten, den sogenannten \u201eF\u00e4ssern\u201c gelagert. Jedes Fass ist exakt so gro\u00df, wie die von Ihnen zuvor festgelegten Sicherungsmedien. Immer wenn ein solches Daten-Fass voll ist, wird dieses \u201egeschlossen\u201c, auf ein Sicherungsmedium gebrannt und ein neues Fass angelegt. Dieser Datentr\u00e4ger kann archiviert und bspw. Daheim im Safe gelagert werden. Diese Datensicherungen werden nur im Falle einer kompletten Wiederherstellung der Datenbank ben\u00f6tigt.<\/p>\n<p style=\"text-align: justify;\">Damit brauchen im Tagesgesch\u00e4ft immer nur die Daten aus dem jeweils neuen, aktuellen Fass gesichert zu werden. Die t\u00e4gliche Datensicherung bleibt so schnell und komfortabel!<\/p>\n<h3 style=\"text-align: justify;\">Aufbewahrungspflicht und beweissichere Datenhaltung<\/h3>\n<p>Die in den F\u00e4ssern gelagerten Daten k\u00f6nnen nicht ver\u00e4ndert werden. Damit sind jederzeit die urspr\u00fcnglichen Originaldokumente und deren darauf folgenden ver\u00e4nderten Kopien verf\u00fcgbar. Einer Aufbewahrungspflicht ist damit gen\u00fcge getan. Die unver\u00e4nderten<br \/>\nOriginale sind somit bei allen Pr\u00fcfungsf\u00e4llen durch die KBV oder vor Gericht aussagekr\u00e4ftig.<\/p>\n<p>Eine elektronische Signatur f\u00fcr jede gespeicherte Datei ist die Basis der Revisionssicherheit.<\/p>\n<h3>Erweiterungsmodule<\/h3>\n<p>F\u00fcr das PraxisArchiv stehen verschiedene Erweiterungsmodule zur Verf\u00fcgung, die den Einsatzbereich des PraxisArchivs vergr\u00f6\u00dfern.<\/p>\n<p>F\u00fcr den Server stehen die folgenden Module zur Verf\u00fcgung:<\/p>\n<p><strong>\u2022 Brenn-Modul<\/strong><br \/>\nZum Brennen der \u201eDaten-F\u00e4sser\u201c des PraxisArchivs auf CD\/DVD<\/p>\n<p><strong>\u2022 Office-Connect<\/strong><br \/>\nErm\u00f6glicht die direkte Nutzung der PraxisArchiv-Daten mit Microsoft Office-Produkten (Word und Outlook) sowie die Anbindung an einen Faxserver.<\/p>\n<p><strong>\u2022 Verwaltungsarchiv<\/strong><br \/>\nEin Archiv f\u00fcr alle nicht patientenbezogenen Verwaltungsdokumente. Hier k\u00f6nnen bspw. Rechnungen, QM-Dokumente und andere praxisbezogene Briefe und Unterlagen abgelegt werden.<br \/>\n<strong><br \/>\n\u2022 Bildarchiv<\/strong><br \/>\nIm Bildarchiv werden alle medizinischen Bilder und Dokumente abgelegt, die nicht patientenbezogen sind. So werden bspw.\u00a0 Patientenberatungsdokumente, anonymisierte Vorher-Nachher-Bilder aber auch OP-Aufkl\u00e4rungen gesichert.<\/p>\n<p>F\u00fcr die Arbeitspl\u00e4tze (Clients) sind zudem folgende Module verf\u00fcgbar:<\/p>\n<p><strong>\u2022 Mess-Modul<\/strong><br \/>\nMit diesem Werkzeug k\u00f6nnen Messungen auf den im PraxisArchiv gespeicherten Bildern vorgenommen werden. Schnell und einfach k\u00f6nnen so Ver\u00e4nderungen bspw. in der Wundversorgung dokumentiert werden.<\/p>\n<p><strong>\u2022 Scan-Modul<\/strong><br \/>\n\u00dcber dieses Modul k\u00f6nnen nahezu alle Scanner zum Einlesen von Dokumenten eingebunden werden.<\/p>\n<h2>&#8222;Eine revisionssichere Dokumentation, komfortabel und ohne zus\u00e4tzlichen Aufwand&#8220;<\/h2>\n<h3>DICOM-Module f\u00fcr Radiologen und Teilradiologe<\/h3>\n<p>Das TurboMed.PraxisArchiv bietet Radiologen und Teilradiologen passende Module f\u00fcr die Speicherung und Verwaltung von DICOM-Bildern. Die einfache Anbindung von Modalit\u00e4ten \u2013 u.a. auch Funduskameras oder Sonographieger\u00e4te &#8211; macht das PraxisArchiv zu einem wertvollen Praxishelfer f\u00fcr viele Fachrichtungen. F\u00fcr radiologische Praxen bietet das PraxisArchiv zus\u00e4tzlich einen Befundungs-Viewer, die M\u00f6glichkeiten eine Patienten-CD\/ DVD zu erstellen (Medical Disk) und das HR-Modul (HR = High Resolution)f\u00fcr die Ansicht hoch aufgel\u00f6ster Bildaufnahmen. DICOM-Aufnahmen lassen sich sogar mit dem Standard-Bildbetrachter jederzeit wieder darstellen.<\/p>\n<p><strong>TurboMed.PraxisArchiv-BASIC<\/strong><br \/>\nDas Einsteigerpaket<br \/>\n\u2022 eine Patientenakte f\u00fcr eine unbegrenzte Zahl an Patienten und Dokumenten<br \/>\n\u2022 eine Arbeitsplatzlizenz (Client) mit Scan-Modul<\/p>\n<p><strong>TurboMed.PraxisArchiv-3-Platz ECO<\/strong><br \/>\nF\u00fcr die Praxis mit gr\u00f6\u00dferen Anforderungen:<br \/>\n\u2022 eine Patientenakte<br \/>\n\u2022 drei Clients mit drei w\u00e4hlbaren Modulen (Mess-Modul, Scan-Modul, Video-Modul)<br \/>\n\u2022 ein Brenn-Modul zur Langzeitarchivierung<\/p>\n<p><strong>TurboMed.PraxisArchiv-5-Platz-OFFICE<\/strong><br \/>\nF\u00fcr die gro\u00dfe Praxis mit Office-Anbindung:<br \/>\n\u2022 eine Patientenakte<br \/>\n\u2022 f\u00fcnf Clients mit drei w\u00e4hlbaren Modulen<br \/>\n\u2022 ein Brenn-Modul<br \/>\n\u2022 Office-Connect<br \/>\n<strong><br \/>\nTurboMed.PraxisArchiv-5-Platz COMFORT<\/strong><br \/>\nDas umfassende Paket f\u00fcr Praxisgemeinschaften mit getrennten Archiven:<br \/>\n\u2022 drei unabh\u00e4ngige Patientenakten<br \/>\n\u2022 f\u00fcnf Clients mit drei w\u00e4hlbaren Modulen<br \/>\n\u2022 einem Verwaltungs- und einem Bildarchiv<br \/>\n\u2022 Brenn-Modul<br \/>\n\u2022 Office-Connect<br \/>\n<strong><br \/>\nTurboMed.PraxisArchiv-3-Platz ECO &amp; DICOM Basic<\/strong><br \/>\nDas ECO-Paket plus folgende DICOM-Module:<br \/>\n\u2022 DICOM-Worklist<br \/>\n\u2022 DICOM-Store-Classic<\/p>\n<p><strong>TurboMed.PraxisArchiv-3-Platz ECO &amp; DICOM Extended<\/strong><br \/>\nDas DICOM Basic-Paket plus:<br \/>\n\u2022 DICOM-Viewer Befundung<\/p>\n<p>Jedes Paket kann beliebig mit weiteren Client- oder Servermodulen erweitert werden. Zus\u00e4tzliche Arbeitspl\u00e4tze oder weitere Archive sind jederzeit \u2013 auch nach einer Installation \u2013 zu erwerben.<\/p>\n<div>\n<div>\n<div>\n<div>\n<h3>Galerie<\/h3>\n<div>\n<div>\n<div>\n<div><a title=\"&lt;span&gt;Aufruf des PraxisArchiv aus TURBOMED&lt;br\/&gt;&lt;span&gt;&lt;\/span&gt;&lt;\/span&gt;&lt;br\/&gt;&lt;br\/&gt;\" href=\"http:\/\/www.turbomed.de\/data\/articles\/1f5cc2696750541d0322e082e23fd5a9\/7306af8146dee5489a9e5e2a048769b6.jpg\" rel=\"lytebox[00000612]\"><img loading=\"lazy\" decoding=\"async\" src=\"http:\/\/www.turbomed.de\/data\/articles\/1f5cc2696750541d0322e082e23fd5a9\/.7306af8146dee5489a9e5e2a048769b6-100x31.jpg\" alt=\"\" width=\"100\" height=\"31\" border=\"0\" \/><\/a><\/p>\n<div><strong>Aufruf des PraxisArchiv aus TURBOMED<\/strong><\/div>\n<div><\/div>\n<\/div>\n<div><a title=\"&lt;span&gt;Suchen von Dokumenten bei Patienten im PraxisArchiv&lt;br\/&gt;&lt;span&gt;&lt;\/span&gt;&lt;\/span&gt;&lt;br\/&gt;&lt;br\/&gt;\" href=\"http:\/\/www.turbomed.de\/data\/articles\/1f5cc2696750541d0322e082e23fd5a9\/20912f676326435447f9b44f38f38cda.jpg\" rel=\"lytebox[00000612]\"><img loading=\"lazy\" decoding=\"async\" src=\"http:\/\/www.turbomed.de\/data\/articles\/1f5cc2696750541d0322e082e23fd5a9\/.20912f676326435447f9b44f38f38cda-100x69.jpg\" alt=\"\" width=\"100\" height=\"69\" border=\"0\" \/><\/a><\/p>\n<div><strong>Suchen von Dokumenten bei Patienten im PraxisArchiv<\/strong><\/div>\n<div><\/div>\n<\/div>\n<div><a title=\"&lt;span&gt;Archivierung der Karteikarteneintr\u00e4ge&lt;br\/&gt;&lt;span&gt;Turbomed bietet eine komfortabel \u00dcbergabe der bestehenden Karteikarteneintr\u00e4ge an das PraxisArchiv.&lt;\/span&gt;&lt;\/span&gt;&lt;br\/&gt;&lt;br\/&gt;\" href=\"http:\/\/www.turbomed.de\/data\/articles\/1f5cc2696750541d0322e082e23fd5a9\/055643dbcf28acaa5ee9eafc11255c98.jpg\" rel=\"lytebox[00000612]\"><img loading=\"lazy\" decoding=\"async\" src=\"http:\/\/www.turbomed.de\/data\/articles\/1f5cc2696750541d0322e082e23fd5a9\/.055643dbcf28acaa5ee9eafc11255c98-100x61.jpg\" alt=\"\" width=\"100\" height=\"61\" border=\"0\" \/><\/a><\/p>\n<div><strong>Archivierung der Karteikarteneintr\u00e4ge<\/strong><br \/>\nTurbomed bietet eine komfortabel \u00dcbergabe der bestehenden Karteikarteneintr\u00e4ge an das PraxisArchiv.<\/div>\n<div><\/div>\n<\/div>\n<div><a title=\"&lt;span&gt;Bildbetrachter mit Sono-Bild&lt;br\/&gt;&lt;span&gt;&lt;\/span&gt;&lt;\/span&gt;&lt;br\/&gt;&lt;br\/&gt;\" href=\"http:\/\/www.turbomed.de\/data\/articles\/1f5cc2696750541d0322e082e23fd5a9\/91b70d9e670d6b73ae403dd7f5d03b21.jpg\" rel=\"lytebox[00000612]\"><img loading=\"lazy\" decoding=\"async\" src=\"http:\/\/www.turbomed.de\/data\/articles\/1f5cc2696750541d0322e082e23fd5a9\/.91b70d9e670d6b73ae403dd7f5d03b21-100x77.jpg\" alt=\"\" width=\"100\" height=\"77\" border=\"0\" \/><\/a><\/p>\n<div><strong>Bildbetrachter mit Sono-Bild<\/strong><\/div>\n<div><\/div>\n<\/div>\n<div><a title=\"&lt;span&gt;Bildbearbeitung mit Messung&lt;br\/&gt;&lt;span&gt;Die integrierte Bildbearbeitung des Praxisarchiv l\u00e4sst zusammen mit dem Mess-Modul genaue Vermessungen in den Bilddokumenten zu.&lt;\/span&gt;&lt;\/span&gt;&lt;br\/&gt;&lt;br\/&gt;\" href=\"http:\/\/www.turbomed.de\/data\/articles\/1f5cc2696750541d0322e082e23fd5a9\/1528ef1ab0b5544c91adb3a2bcde6219.jpg\" rel=\"lytebox[00000612]\"><img loading=\"lazy\" decoding=\"async\" src=\"http:\/\/www.turbomed.de\/data\/articles\/1f5cc2696750541d0322e082e23fd5a9\/.1528ef1ab0b5544c91adb3a2bcde6219-100x66.jpg\" alt=\"\" width=\"100\" height=\"66\" border=\"0\" \/><\/a><\/p>\n<div><strong>Bildbearbeitung mit Messung<\/strong><br \/>\nDie integrierte Bildbearbeitung des Praxisarchiv l\u00e4sst zusammen mit dem Mess-Modul genaue Vermessungen in den Bilddokumenten zu.<\/div>\n<div><\/div>\n<\/div>\n<div><a title=\"&lt;span&gt;Erstellen eines Worklisteintrages &lt;br\/&gt;&lt;span&gt;&lt;\/span&gt;&lt;\/span&gt;&lt;br\/&gt;&lt;br\/&gt;\" href=\"http:\/\/www.turbomed.de\/data\/articles\/1f5cc2696750541d0322e082e23fd5a9\/a1a1f26ac6da0c96ec9081c0832bdfa7.jpg\" rel=\"lytebox[00000612]\"><img loading=\"lazy\" decoding=\"async\" src=\"http:\/\/www.turbomed.de\/data\/articles\/1f5cc2696750541d0322e082e23fd5a9\/.a1a1f26ac6da0c96ec9081c0832bdfa7-100x69.jpg\" alt=\"\" width=\"100\" height=\"69\" border=\"0\" \/><\/a><\/p>\n<div><strong>Erstellen eines Worklisteintrages <\/strong><\/div>\n<div><\/div>\n<\/div>\n<\/div>\n<\/div>\n<\/div>\n<\/div>\n<\/div>\n<\/div>\n<\/div>\n","protected":false},"excerpt":{"rendered":"<p>Das TurboMed.PraxisArchiv Dokumenten-Management mit h\u00f6chster Sicherheit Basis einer revisionssicheren Dokumentation \u00dcbersichtlich und effi zient Ausbauf\u00e4hig je nach individuellem Bedarf Optimale Anbindung an TurboMed Ausgereiftes Datensicherungskonzept Unabh\u00e4ngig von \u00fcblichen Datei-Standards &#8222;Alle Dokumente dort, wo man Sie erwartet, komfortabel und mit innovativer, schneller Sicherung gegen Datenverlust&#8220; Schnelle Datenzugriffe, patienten\u00fcbergreifende Dokumentenrecherche, hohe Verf\u00fcgbarkeit und nat\u00fcrlich leichte Bedienung &#8211; [&hellip;]<\/p>\n","protected":false},"author":1,"featured_media":0,"parent":24,"menu_order":805,"comment_status":"closed","ping_status":"closed","template":"","meta":{"footnotes":""},"class_list":["post-507","page","type-page","status-publish","hentry"],"_links":{"self":[{"href":"https:\/\/www.ilmenau.org\/sites\/wp-json\/wp\/v2\/pages\/507","targetHints":{"allow":["GET"]}}],"collection":[{"href":"https:\/\/www.ilmenau.org\/sites\/wp-json\/wp\/v2\/pages"}],"about":[{"href":"https:\/\/www.ilmenau.org\/sites\/wp-json\/wp\/v2\/types\/page"}],"author":[{"embeddable":true,"href":"https:\/\/www.ilmenau.org\/sites\/wp-json\/wp\/v2\/users\/1"}],"replies":[{"embeddable":true,"href":"https:\/\/www.ilmenau.org\/sites\/wp-json\/wp\/v2\/comments?post=507"}],"version-history":[{"count":16,"href":"https:\/\/www.ilmenau.org\/sites\/wp-json\/wp\/v2\/pages\/507\/revisions"}],"predecessor-version":[{"id":509,"href":"https:\/\/www.ilmenau.org\/sites\/wp-json\/wp\/v2\/pages\/507\/revisions\/509"}],"up":[{"embeddable":true,"href":"https:\/\/www.ilmenau.org\/sites\/wp-json\/wp\/v2\/pages\/24"}],"wp:attachment":[{"href":"https:\/\/www.ilmenau.org\/sites\/wp-json\/wp\/v2\/media?parent=507"}],"curies":[{"name":"wp","href":"https:\/\/api.w.org\/{rel}","templated":true}]}}