{"id":314,"date":"2010-03-03T02:32:49","date_gmt":"2010-03-03T00:32:49","guid":{"rendered":"http:\/\/www.ilmenau.org\/sites\/?page_id=314"},"modified":"2021-12-07T23:51:11","modified_gmt":"2021-12-07T22:51:11","slug":"impressum-2","status":"publish","type":"page","link":"https:\/\/www.ilmenau.org\/sites\/impressum-2\/","title":{"rendered":"Impressum"},"content":{"rendered":"<h2><strong>Compucare Ilmenau<\/strong><\/h2>\n<p><span style=\"font-size: 14pt;\"><strong>Gesch\u00e4ftsf\u00fchrer Dipl. Ing. A. Kessler<\/strong><\/span><br \/>\n<span style=\"font-size: 14pt;\">Steintra\u00dfe 20A<br \/>\n<\/span><span style=\"font-size: 14pt;\">98693 Ilmenau<\/span><\/p>\n<h2 style=\"text-align: justify;\">Aufgabenbereich<\/h2>\n<p style=\"text-align: justify;\">Hauptanliegen der Firma Compucare Ilmenau ist Service im Bereich EDV, Betreuung niedergelassener \u00c4rzte, Softwarevertrieb und Service f\u00fcr niedergelassene \u00c4rzte und MVZ auf dem hiesigen Markt mit \u00fcber 30 Jahren Berufserfahrung und erstklassigen Referenzen.<\/p>\n<p style=\"text-align: justify;\">Die notwendige Hardware kommt nicht von der &#8222;Stange&#8220; sondern wird individuell auf die Praxisanforderungen zugeschnitten. Die Computer werden auf maximale Leistung bei minimaler Ger\u00e4uschentwicklung optimiert und bestehen ausschlie\u00dflich aus hochwertigen und langlebigen Komponenten.<\/p>\n<p style=\"text-align: justify;\">Wir betreuen unsere Kunden seit 1991 im Einzugsbereich Th\u00fcringen und Oberfranken und verf\u00fcgen \u00fcber ausgezeichnetes Fachwissen im Bereich Hardware, Software, Netzwerke, EDV-Anforderungen in Arztpraxen und k\u00f6nnen mit ausgezeichneten Referenzen aufwarten. Wir machen auch da weiter, wo andere bereits passen!<\/p>\n<p style=\"text-align: justify;\"><span style=\"color: #ff0000;\">Fordern Sie ein Angebot an! Wir helfen Ihnen bei Neueinstieg oder Umstieg von anderen Systemen. <\/span><\/p>\n<h2>Telematik Infrastruktur Zertifizierung 2017<\/h2>\n<p style=\"text-align: center;\"><a class=\"Lytebox\" href=\"https:\/\/www.ilmenau.org\/sites\/wp-content\/uploads\/2010\/03\/Zertifikat_CGM1.jpg\"><img loading=\"lazy\" decoding=\"async\" class=\"aligncenter wp-image-1717 size-medium\" title=\"Urkunde\" src=\"https:\/\/www.ilmenau.org\/sites\/wp-content\/uploads\/2010\/03\/Zertifikat_CGM1-418x600.jpg\" alt=\"\" width=\"418\" height=\"600\" srcset=\"https:\/\/www.ilmenau.org\/sites\/wp-content\/uploads\/2010\/03\/Zertifikat_CGM1-418x600.jpg 418w, https:\/\/www.ilmenau.org\/sites\/wp-content\/uploads\/2010\/03\/Zertifikat_CGM1-105x150.jpg 105w, https:\/\/www.ilmenau.org\/sites\/wp-content\/uploads\/2010\/03\/Zertifikat_CGM1.jpg 586w\" sizes=\"auto, (max-width: 418px) 100vw, 418px\" \/><\/a><\/p>\n<h2>Supporter des Monats November 2012<\/h2>\n<p style=\"text-align: center;\"><a class=\"Lytebox\" href=\"https:\/\/www.ilmenau.org\/sites\/wp-content\/uploads\/2007\/09\/Urkunde.jpg\"><img loading=\"lazy\" decoding=\"async\" class=\"aligncenter size-medium wp-image-1187\" title=\"Urkunde\" src=\"https:\/\/www.ilmenau.org\/sites\/wp-content\/uploads\/2007\/09\/Urkunde-399x600.jpg\" alt=\"\" width=\"399\" height=\"600\" srcset=\"https:\/\/www.ilmenau.org\/sites\/wp-content\/uploads\/2007\/09\/Urkunde-399x600.jpg 399w, https:\/\/www.ilmenau.org\/sites\/wp-content\/uploads\/2007\/09\/Urkunde-99x150.jpg 99w, https:\/\/www.ilmenau.org\/sites\/wp-content\/uploads\/2007\/09\/Urkunde.jpg 534w\" sizes=\"auto, (max-width: 399px) 100vw, 399px\" \/><\/a><\/p>\n<p>Alle Inhalte der TurboMed<sup>\u00a9<\/sup> Leistungsbeschreibung Copyright by CompuGroup Medical<sup>\u00a9<\/sup> Deutschland AG \u2013 GB TURBOMED. TurboMed<sup>\u00a9<\/sup> ist ein eingetragenes Warenzeichen der CompuGroup Medical<sup>\u00a9<\/sup> Deutschland AG.<br \/>\nDie gesamte PatPanel<sup>\u00a9<\/sup> &#8211; L\u00f6sung ist ein eingetragenes Warenzeichen von CompuCare Ilmenau.<\/p>\n<h2>Haftungsausschlu\u00df\/Disclaimer:<\/h2>\n<h3>1. Inhalt<\/h3>\n<p>Der Autor \u00fcbernimmt keinerlei Gew\u00e4hr f\u00fcr die Aktualit\u00e4t, Korrektheit, Vollst\u00e4ndigkeit oder Qualit\u00e4t der bereitgestellten Informationen. Haftungsanspr\u00fcche gegen den Autor, welche sich auf Sch\u00e4den materieller oder ideeller Art beziehen, die durch die Nutzung oder Nichtnutzung der dargebotenen Informationen bzw. durch die Nutzung fehlerhafter und unvollst\u00e4ndiger Informationen verursacht wurden, sind grunds\u00e4tzlich ausgeschlossen, sofern seitens des Autors kein nachweislich vors\u00e4tzliches oder grob fahrl\u00e4ssiges Verschulden vorliegt. Der Autor beh\u00e4lt es sich ausdr\u00fccklich vor, Teile der Seiten oder das gesamte Angebot ohne gesonderte Ank\u00fcndigung zu ver\u00e4ndern, zu erg\u00e4nzen, zu l\u00f6schen oder die Ver\u00f6ffentlichung zeitweise oder endg\u00fcltig einzustellen.<\/p>\n<h3>2. Verweise und Links<\/h3>\n<p>Bei direkten oder indirekten Verweisen auf fremde Internetseiten (\u201eLinks\u201c), die au\u00dferhalb des Verantwortungsbereiches des Autors liegen, w\u00fcrde eine Haftungsverpflichtung ausschlie\u00dflich in dem Fall in Kraft treten, in dem der Autor von den Inhalten Kenntnis hat und es ihm technisch m\u00f6glich und zumutbar w\u00e4re, die Nutzung im Falle rechtswidriger Inhalte zu verhindern. Der Autor erkl\u00e4rt hiermit ausdr\u00fccklich, dass zum Zeitpunkt der Linksetzung keine illegalen Inhalte auf den zu verlinkenden Seiten erkennbar waren. Auf die aktuelle und zuk\u00fcnftige Gestaltung, die Inhalte oder die Urheberschaft der gelinkten\/verkn\u00fcpften Seiten hat der Autor keinerlei Einfluss. Deshalb distanziert er sich hiermit ausdr\u00fccklich von allen Inhalten aller gelinkten \/verkn\u00fcpften Seiten, die nach der Linksetzung ver\u00e4ndert wurden. Diese Feststellung gilt f\u00fcr alle innerhalb des eigenen Internetangebotes gesetzten Links und Verweise sowie f\u00fcr Fremdeintr\u00e4ge in vom Autor eingerichteten G\u00e4steb\u00fcchern, Diskussionsforen und Mailinglisten. F\u00fcr illegale, fehlerhafte oder unvollst\u00e4ndige Inhalte und insbesondere f\u00fcr Sch\u00e4den, die aus der Nutzung oder Nichtnutzung solcherart dargebotener Informationen entstehen, haftet allein der Anbieter der Seite, auf welche verwiesen wurde, nicht derjenige, der \u00fcber Links auf die jeweilige Ver\u00f6ffentlichung lediglich verweist.<\/p>\n<h3>3. Urheber- und Kennzeichenrecht<\/h3>\n<p>Sollte irgendwelcher Inhalt oder die designtechnische Gestaltung einzelner Seiten oder Teile dieses Internetangebotes fremde Rechte Dritter oder gesetzliche Bestimmungen verletzen oder anderweitig in irgendeiner Form wettbewerbsrechtliche Probleme hervorbringen, so bitten ich unter Berufung auf \u00a7 8 Abs. 4 UWG, um eine angemessene, ausreichend erl\u00e4uternde und schnelle Nachricht ohne Kostennote. Ich garantiere, dass die zu Recht beanstandeten Passagen oder Teile dieser Webseiten in angemessener Frist entfernt bzw. den rechtlichen Vorgaben umf\u00e4nglich angepasst werden, ohne dass von Ihrer Seite die Einschaltung eines Rechtsbeistandes erforderlich ist. Die Einschaltung eines Anwaltes, zur f\u00fcr den Dienstanbieter kostenpflichtigen Abmahnung, entspricht nicht dessen wirklichen oder mutma\u00a7lichen Willen und w\u00fcrde damit einen Verstoss gegen \u00a7 13 Abs. 5 UWG, wegen der Verfolgung sachfremder Ziele als beherrschendes Motiv der Verfahrenseinleitung, insbesondere einer Kostenerzielungsabsicht als eigentliche Triebfeder, sowie einen Versto\u00df gegen die Schadensminderungspflicht darstellen. Der Autor ist bestrebt, in allen Publikationen die Urheberrechte der verwendeten Grafiken, Tondokumente, Videosequenzen und Texte zu beachten, von ihm selbst erstellte Grafiken, Tondokumente, Videosequenzen und Texte zu nutzen oder auf lizenzfreie Grafiken, Tondokumente, Videosequenzen und Texte zur\u00fcckzugreifen. Alle innerhalb des Internetangebotes genannten und ggf. durch Dritte gesch\u00fctzten Marken- und Warenzeichen unterliegen uneingeschr\u00e4nkt den Bestimmungen des jeweils g\u00fcltigen Kennzeichenrechts und den Besitzrechten der jeweiligen eingetragenen Eigent\u00fcmer. Allein aufgrund der blo\u00dfen Nennung ist nicht der Schlu\u00df zu ziehen, dass Markenzeichen nicht durch Rechte Dritter gesch\u00fctzt sind! Das Copyright f\u00fcr ver\u00f6ffentlichte, vom Autor selbst erstellte Objekte bleibt allein beim Autor der Seiten. Eine Vervielf\u00e4ltigung oder Verwendung solcher Grafiken, Tondokumente, Videosequenzen und Texte in anderen elektronischen oder gedruckten Publikationen ist ohne ausdr\u00fcckliche Zustimmung des Autors nicht gestattet.<\/p>\n<h3>4. Datenschutz<\/h3>\n<p>Sofern innerhalb des Internetangebotes die M\u00f6glichkeit zur Eingabe pers\u00f6nlicher oder gesch\u00e4ftlicher Daten (Emailadressen, Namen, Anschriften) besteht, so erfolgt die Preisgabe dieser Daten seitens des Nutzers auf ausdr\u00fccklich freiwilliger Basis. Die Inanspruchnahme aller angebotenen Dienste ist \u2013 soweit technisch m\u00f6glich und zumutbar \u2013 auch ohne Angabe solcher Daten bzw. unter Angabe anonymisierter Daten oder eines Pseudonyms gestattet.<\/p>\n<h3>5. Rechtswirksamkeit dieses Haftungsausschlusses<\/h3>\n<p>Dieser Haftungsausschluss ist als Teil des Internetangebotes zu betrachten, von dem aus auf diese Seite verwiesen wurde. Sofern Teile oder einzelne Formulierungen dieses Textes der geltenden Rechtslage nicht, nicht mehr oder nicht vollst\u00e4ndig entsprechen sollten, bleiben die \u00fcbrigen Teile des Dokumentes in ihrem Inhalt und ihrer G\u00fcltigkeit davon unber\u00fchrt.<br \/>\nErg\u00e4nzung zum Haftungsausschluss:<br \/>\nMit dem Urteil vom 12. Mai 1998 hat das Landgericht Hamburg entschieden, dass man durch die Anbringung und Verwendung von Links zu anderen Internetseiten und deren Inhalten mitzuverantworten hat. Dies kann laut der Entscheidung des Landgerichts nur dadurch verhindert werden, dass man sich ausdr\u00fccklich von diesen Inhalten distanziert. Auf dieser Seite werden dem Besucher als Feature Links zu Seiten anderer Anbieter angeboten.<br \/>\nF\u00fcr all diese Links gilt, da\u00df ich keinerlei Einfluss auf die Gestaltung und die Inhalte auf Linksseiten und gelinkte Seiten habe. Deshalb distanziere ich mich hiermit ausdr\u00fccklich von allen Inhalten aller gelinkten Seiten. Ich mache mir derer Inhalte durch die Verlinkung nicht zu eigen. Ich \u00fcbernnehme auch keinerlei Haftung f\u00fcr die Inhalte der fremden Seiten, auf die von meiner Internetseite aus verwiesen wird.<br \/>\nEbenso \u00fcberneme ich keine Verantwortung f\u00fcr den Inhalt, die Richtigkeit und die Form einzelner gestellter Beitr\u00e4ge in G\u00e4steb\u00fcchern, Foren, Linkseiten, Bannerlisten oder in den Nachrichten die \u00fcber das System verschickt werden. Jeder Verfasser von Beitr\u00e4gen ist als Autor selbstverantwortlich f\u00fcr seinen Beitrag.<\/p>\n<p>&nbsp;<\/p>\n<p>&nbsp;<\/p>\n<p style=\"text-align: center;\"><img loading=\"lazy\" decoding=\"async\" class=\"aligncenter size-full wp-image-1035\" title=\"PoweredByMacOSX\" src=\"https:\/\/www.ilmenau.org\/sites\/wp-content\/uploads\/2012\/04\/PoweredByMacOSX.gif\" alt=\"Mein iMac\" width=\"160\" height=\"44\" srcset=\"https:\/\/www.ilmenau.org\/sites\/wp-content\/uploads\/2012\/04\/PoweredByMacOSX.gif 160w, https:\/\/www.ilmenau.org\/sites\/wp-content\/uploads\/2012\/04\/PoweredByMacOSX-150x41.gif 150w\" sizes=\"auto, (max-width: 160px) 100vw, 160px\" \/><\/p>\n<p><iframe loading=\"lazy\" style=\"overflow: hidden; width: 100%; height: 80px;\" src=\"http:\/\/www.facebook.com\/plugins\/like.php?href=http%3A%2F%2Fwww.ilmenau.org\/sites\/?page_id=744&amp;layout=standard&amp;show_faces=true&amp;width=450&amp;action=like&amp;colorscheme=light&amp;height=80\" width=\"320\" height=\"240\" frameborder=\"0\" scrolling=\"no\"><\/iframe><\/p>\n","protected":false},"excerpt":{"rendered":"<p>Compucare Ilmenau Gesch\u00e4ftsf\u00fchrer Dipl. Ing. A. Kessler Steintra\u00dfe 20A 98693 Ilmenau Aufgabenbereich Hauptanliegen der Firma Compucare Ilmenau ist Service im Bereich EDV, Betreuung niedergelassener \u00c4rzte, Softwarevertrieb und Service f\u00fcr niedergelassene \u00c4rzte und MVZ auf dem hiesigen Markt mit \u00fcber 30 Jahren Berufserfahrung und erstklassigen Referenzen. Die notwendige Hardware kommt nicht von der &#8222;Stange&#8220; sondern wird [&hellip;]<\/p>\n","protected":false},"author":1,"featured_media":0,"parent":0,"menu_order":999,"comment_status":"closed","ping_status":"closed","template":"","meta":{"footnotes":""},"class_list":["post-314","page","type-page","status-publish","hentry"],"_links":{"self":[{"href":"https:\/\/www.ilmenau.org\/sites\/wp-json\/wp\/v2\/pages\/314","targetHints":{"allow":["GET"]}}],"collection":[{"href":"https:\/\/www.ilmenau.org\/sites\/wp-json\/wp\/v2\/pages"}],"about":[{"href":"https:\/\/www.ilmenau.org\/sites\/wp-json\/wp\/v2\/types\/page"}],"author":[{"embeddable":true,"href":"https:\/\/www.ilmenau.org\/sites\/wp-json\/wp\/v2\/users\/1"}],"replies":[{"embeddable":true,"href":"https:\/\/www.ilmenau.org\/sites\/wp-json\/wp\/v2\/comments?post=314"}],"version-history":[{"count":47,"href":"https:\/\/www.ilmenau.org\/sites\/wp-json\/wp\/v2\/pages\/314\/revisions"}],"predecessor-version":[{"id":2020,"href":"https:\/\/www.ilmenau.org\/sites\/wp-json\/wp\/v2\/pages\/314\/revisions\/2020"}],"wp:attachment":[{"href":"https:\/\/www.ilmenau.org\/sites\/wp-json\/wp\/v2\/media?parent=314"}],"curies":[{"name":"wp","href":"https:\/\/api.w.org\/{rel}","templated":true}]}}

<h2><strong>Compucare Ilmenau</strong></h2>
<p><span style="font-size: 14pt;"><strong>Geschäftsführer Dipl. Ing. A. Kessler</strong></span><br />
<span style="font-size: 14pt;">Steintraße 20A<br />
</span><span style="font-size: 14pt;">98693 Ilmenau</span></p>
<h2 style="text-align: justify;">Aufgabenbereich</h2>
<p style="text-align: justify;">Hauptanliegen der Firma Compucare Ilmenau ist Service im Bereich EDV, Betreuung niedergelassener Ärzte, Softwarevertrieb und Service für niedergelassene Ärzte und MVZ auf dem hiesigen Markt mit über 30 Jahren Berufserfahrung und erstklassigen Referenzen.</p>
<p style="text-align: justify;">Die notwendige Hardware kommt nicht von der &#8222;Stange&#8220; sondern wird individuell auf die Praxisanforderungen zugeschnitten. Die Computer werden auf maximale Leistung bei minimaler Geräuschentwicklung optimiert und bestehen ausschließlich aus hochwertigen und langlebigen Komponenten.</p>
<p style="text-align: justify;">Wir betreuen unsere Kunden seit 1991 im Einzugsbereich Thüringen und Oberfranken und verfügen über ausgezeichnetes Fachwissen im Bereich Hardware, Software, Netzwerke, EDV-Anforderungen in Arztpraxen und können mit ausgezeichneten Referenzen aufwarten. Wir machen auch da weiter, wo andere bereits passen!</p>
<p style="text-align: justify;"><span style="color: #ff0000;">Fordern Sie ein Angebot an! Wir helfen Ihnen bei Neueinstieg oder Umstieg von anderen Systemen. </span></p>
<h2>Telematik Infrastruktur Zertifizierung 2017</h2>
<p style="text-align: center;"><a class="Lytebox" href="https://www.ilmenau.org/sites/wp-content/uploads/2010/03/Zertifikat_CGM1.jpg"><img loading="lazy" decoding="async" class="aligncenter wp-image-1717 size-medium" title="Urkunde" src="https://www.ilmenau.org/sites/wp-content/uploads/2010/03/Zertifikat_CGM1-418x600.jpg" alt="" width="418" height="600" srcset="https://www.ilmenau.org/sites/wp-content/uploads/2010/03/Zertifikat_CGM1-418x600.jpg 418w, https://www.ilmenau.org/sites/wp-content/uploads/2010/03/Zertifikat_CGM1-105x150.jpg 105w, https://www.ilmenau.org/sites/wp-content/uploads/2010/03/Zertifikat_CGM1.jpg 586w" sizes="auto, (max-width: 418px) 100vw, 418px" /></a></p>
<h2>Supporter des Monats November 2012</h2>
<p style="text-align: center;"><a class="Lytebox" href="https://www.ilmenau.org/sites/wp-content/uploads/2007/09/Urkunde.jpg"><img loading="lazy" decoding="async" class="aligncenter size-medium wp-image-1187" title="Urkunde" src="https://www.ilmenau.org/sites/wp-content/uploads/2007/09/Urkunde-399x600.jpg" alt="" width="399" height="600" srcset="https://www.ilmenau.org/sites/wp-content/uploads/2007/09/Urkunde-399x600.jpg 399w, https://www.ilmenau.org/sites/wp-content/uploads/2007/09/Urkunde-99x150.jpg 99w, https://www.ilmenau.org/sites/wp-content/uploads/2007/09/Urkunde.jpg 534w" sizes="auto, (max-width: 399px) 100vw, 399px" /></a></p>
<p>Alle Inhalte der TurboMed<sup>©</sup> Leistungsbeschreibung Copyright by CompuGroup Medical<sup>©</sup> Deutschland AG – GB TURBOMED. TurboMed<sup>©</sup> ist ein eingetragenes Warenzeichen der CompuGroup Medical<sup>©</sup> Deutschland AG.<br />
Die gesamte PatPanel<sup>©</sup> &#8211; Lösung ist ein eingetragenes Warenzeichen von CompuCare Ilmenau.</p>
<h2>Haftungsausschluß/Disclaimer:</h2>
<h3>1. Inhalt</h3>
<p>Der Autor übernimmt keinerlei Gewähr für die Aktualität, Korrektheit, Vollständigkeit oder Qualität der bereitgestellten Informationen. Haftungsansprüche gegen den Autor, welche sich auf Schäden materieller oder ideeller Art beziehen, die durch die Nutzung oder Nichtnutzung der dargebotenen Informationen bzw. durch die Nutzung fehlerhafter und unvollständiger Informationen verursacht wurden, sind grundsätzlich ausgeschlossen, sofern seitens des Autors kein nachweislich vorsätzliches oder grob fahrlässiges Verschulden vorliegt. Der Autor behält es sich ausdrücklich vor, Teile der Seiten oder das gesamte Angebot ohne gesonderte Ankündigung zu verändern, zu ergänzen, zu löschen oder die Veröffentlichung zeitweise oder endgültig einzustellen.</p>
<h3>2. Verweise und Links</h3>
<p>Bei direkten oder indirekten Verweisen auf fremde Internetseiten („Links“), die außerhalb des Verantwortungsbereiches des Autors liegen, würde eine Haftungsverpflichtung ausschließlich in dem Fall in Kraft treten, in dem der Autor von den Inhalten Kenntnis hat und es ihm technisch möglich und zumutbar wäre, die Nutzung im Falle rechtswidriger Inhalte zu verhindern. Der Autor erklärt hiermit ausdrücklich, dass zum Zeitpunkt der Linksetzung keine illegalen Inhalte auf den zu verlinkenden Seiten erkennbar waren. Auf die aktuelle und zukünftige Gestaltung, die Inhalte oder die Urheberschaft der gelinkten/verknüpften Seiten hat der Autor keinerlei Einfluss. Deshalb distanziert er sich hiermit ausdrücklich von allen Inhalten aller gelinkten /verknüpften Seiten, die nach der Linksetzung verändert wurden. Diese Feststellung gilt für alle innerhalb des eigenen Internetangebotes gesetzten Links und Verweise sowie für Fremdeinträge in vom Autor eingerichteten Gästebüchern, Diskussionsforen und Mailinglisten. Für illegale, fehlerhafte oder unvollständige Inhalte und insbesondere für Schäden, die aus der Nutzung oder Nichtnutzung solcherart dargebotener Informationen entstehen, haftet allein der Anbieter der Seite, auf welche verwiesen wurde, nicht derjenige, der über Links auf die jeweilige Veröffentlichung lediglich verweist.</p>
<h3>3. Urheber- und Kennzeichenrecht</h3>
<p>Sollte irgendwelcher Inhalt oder die designtechnische Gestaltung einzelner Seiten oder Teile dieses Internetangebotes fremde Rechte Dritter oder gesetzliche Bestimmungen verletzen oder anderweitig in irgendeiner Form wettbewerbsrechtliche Probleme hervorbringen, so bitten ich unter Berufung auf § 8 Abs. 4 UWG, um eine angemessene, ausreichend erläuternde und schnelle Nachricht ohne Kostennote. Ich garantiere, dass die zu Recht beanstandeten Passagen oder Teile dieser Webseiten in angemessener Frist entfernt bzw. den rechtlichen Vorgaben umfänglich angepasst werden, ohne dass von Ihrer Seite die Einschaltung eines Rechtsbeistandes erforderlich ist. Die Einschaltung eines Anwaltes, zur für den Dienstanbieter kostenpflichtigen Abmahnung, entspricht nicht dessen wirklichen oder mutma§lichen Willen und würde damit einen Verstoss gegen § 13 Abs. 5 UWG, wegen der Verfolgung sachfremder Ziele als beherrschendes Motiv der Verfahrenseinleitung, insbesondere einer Kostenerzielungsabsicht als eigentliche Triebfeder, sowie einen Verstoß gegen die Schadensminderungspflicht darstellen. Der Autor ist bestrebt, in allen Publikationen die Urheberrechte der verwendeten Grafiken, Tondokumente, Videosequenzen und Texte zu beachten, von ihm selbst erstellte Grafiken, Tondokumente, Videosequenzen und Texte zu nutzen oder auf lizenzfreie Grafiken, Tondokumente, Videosequenzen und Texte zurückzugreifen. Alle innerhalb des Internetangebotes genannten und ggf. durch Dritte geschützten Marken- und Warenzeichen unterliegen uneingeschränkt den Bestimmungen des jeweils gültigen Kennzeichenrechts und den Besitzrechten der jeweiligen eingetragenen Eigentümer. Allein aufgrund der bloßen Nennung ist nicht der Schluß zu ziehen, dass Markenzeichen nicht durch Rechte Dritter geschützt sind! Das Copyright für veröffentlichte, vom Autor selbst erstellte Objekte bleibt allein beim Autor der Seiten. Eine Vervielfältigung oder Verwendung solcher Grafiken, Tondokumente, Videosequenzen und Texte in anderen elektronischen oder gedruckten Publikationen ist ohne ausdrückliche Zustimmung des Autors nicht gestattet.</p>
<h3>4. Datenschutz</h3>
<p>Sofern innerhalb des Internetangebotes die Möglichkeit zur Eingabe persönlicher oder geschäftlicher Daten (Emailadressen, Namen, Anschriften) besteht, so erfolgt die Preisgabe dieser Daten seitens des Nutzers auf ausdrücklich freiwilliger Basis. Die Inanspruchnahme aller angebotenen Dienste ist – soweit technisch möglich und zumutbar – auch ohne Angabe solcher Daten bzw. unter Angabe anonymisierter Daten oder eines Pseudonyms gestattet.</p>
<h3>5. Rechtswirksamkeit dieses Haftungsausschlusses</h3>
<p>Dieser Haftungsausschluss ist als Teil des Internetangebotes zu betrachten, von dem aus auf diese Seite verwiesen wurde. Sofern Teile oder einzelne Formulierungen dieses Textes der geltenden Rechtslage nicht, nicht mehr oder nicht vollständig entsprechen sollten, bleiben die übrigen Teile des Dokumentes in ihrem Inhalt und ihrer Gültigkeit davon unberührt.<br />
Ergänzung zum Haftungsausschluss:<br />
Mit dem Urteil vom 12. Mai 1998 hat das Landgericht Hamburg entschieden, dass man durch die Anbringung und Verwendung von Links zu anderen Internetseiten und deren Inhalten mitzuverantworten hat. Dies kann laut der Entscheidung des Landgerichts nur dadurch verhindert werden, dass man sich ausdrücklich von diesen Inhalten distanziert. Auf dieser Seite werden dem Besucher als Feature Links zu Seiten anderer Anbieter angeboten.<br />
Für all diese Links gilt, daß ich keinerlei Einfluss auf die Gestaltung und die Inhalte auf Linksseiten und gelinkte Seiten habe. Deshalb distanziere ich mich hiermit ausdrücklich von allen Inhalten aller gelinkten Seiten. Ich mache mir derer Inhalte durch die Verlinkung nicht zu eigen. Ich übernnehme auch keinerlei Haftung für die Inhalte der fremden Seiten, auf die von meiner Internetseite aus verwiesen wird.<br />
Ebenso überneme ich keine Verantwortung für den Inhalt, die Richtigkeit und die Form einzelner gestellter Beiträge in Gästebüchern, Foren, Linkseiten, Bannerlisten oder in den Nachrichten die über das System verschickt werden. Jeder Verfasser von Beiträgen ist als Autor selbstverantwortlich für seinen Beitrag.</p>
<p>&nbsp;</p>
<p>&nbsp;</p>
<p style="text-align: center;"><img loading="lazy" decoding="async" class="aligncenter size-full wp-image-1035" title="PoweredByMacOSX" src="https://www.ilmenau.org/sites/wp-content/uploads/2012/04/PoweredByMacOSX.gif" alt="Mein iMac" width="160" height="44" srcset="https://www.ilmenau.org/sites/wp-content/uploads/2012/04/PoweredByMacOSX.gif 160w, https://www.ilmenau.org/sites/wp-content/uploads/2012/04/PoweredByMacOSX-150x41.gif 150w" sizes="auto, (max-width: 160px) 100vw, 160px" /></p>
<p><iframe loading="lazy" style="overflow: hidden; width: 100%; height: 80px;" src="http://www.facebook.com/plugins/like.php?href=http%3A%2F%2Fwww.ilmenau.org/sites/?page_id=744&amp;layout=standard&amp;show_faces=true&amp;width=450&amp;action=like&amp;colorscheme=light&amp;height=80" width="320" height="240" frameborder="0" scrolling="no"></iframe></p>

<p>Compucare Ilmenau Geschäftsführer Dipl. Ing. A. Kessler Steintraße 20A 98693 Ilmenau Aufgabenbereich Hauptanliegen der Firma Compucare Ilmenau ist Service im Bereich EDV, Betreuung niedergelassener Ärzte, Softwarevertrieb und Service für niedergelassene Ärzte und MVZ auf dem hiesigen Markt mit über 30 Jahren Berufserfahrung und erstklassigen Referenzen. Die notwendige Hardware kommt nicht von der &#8222;Stange&#8220; sondern wird [&hellip;]</p>
