{"id":22,"date":"2007-09-18T00:24:18","date_gmt":"2007-09-17T22:24:18","guid":{"rendered":"http:\/\/www.ilmenau.org\/wordpress\/?page_id=22"},"modified":"2012-04-05T23:43:01","modified_gmt":"2012-04-05T22:43:01","slug":"hausbesuche-mit-turbomed","status":"publish","type":"page","link":"https:\/\/www.ilmenau.org\/sites\/willkommen\/turbomed-leistungsbeschreibung\/hausbesuche-mit-turbomed\/","title":{"rendered":"Hausbesuche mit TurboMed"},"content":{"rendered":"<h3>ganz einfach &#8230;<\/h3>\n<p><span style=\"font-family: Arial; color: #ff0000;\">Ob Sie gleich einen Laptop mitnehmen oder nur ein kleineres Ger\u00e4t wie einen PDA: TurboMed macht es Ihnen einfach.<\/span><\/p>\n<p>Auf Ihrem mobilem Ger\u00e4t (auf welchem sich alle Praxisdaten befinden), k\u00f6nnen Sie w\u00e4hrend des Hausbesuches <strong>beliebige Eingaben<\/strong> machen &#8211; Befunde erfassen und bspw. Formulare\/Rezepte ausf\u00fcllen. Wenn Sie wieder in der Praxis sind, <strong>ist es jetzt ganz leicht<\/strong>, Ihre Daten in die Praxis zu \u00fcbernehmen: von Ihrem mobilen Ger\u00e4t werden alle ge\u00e4nderten Daten vollautomatisch in Ihre Praxisdaten \u00fcbernommen. Der Clou dabei: es macht hierbei \u00fcberhaupt nichts, wenn Ihre Helferinnen gleichzeitig irgendetwas an den Hausbesuchspatienten ge\u00e4ndert haben: TurboMed f\u00fchrt einen kompletten Datenabgleich durch und <strong>nichts geht verloren<\/strong>, sondern alles wird chronologisch richtig einsortiert. Und der ganze Vorgang dieses Datenabgleiches arbeitet schnell, denn TurboMed gleicht tats\u00e4chlich nur die in der Regel geringen Datenmengen ab, die auch tats\u00e4chlich ge\u00e4ndert wurden und nicht etwa den gesamten, u.U. riesigen Datenbestand Ihrer gesamten Praxis.<\/p>\n<p>Flexibel ist unser System ebenfalls: Sie k\u00f6nnen t\u00e4glich zwischen Praxis und mobilem Ger\u00e4t abgleichen oder bspw. auch nur einmal pro Woche.<\/p>\n<p><strong>Haben Sie Interesse?<\/strong><\/p>\n<p>Dann sprechen Sie einfach unseren TurboMed-Partner CompuCare an und lassen sich \u00fcber geeignete mobile Ger\u00e4te beraten!<\/p>\n","protected":false},"excerpt":{"rendered":"<p>ganz einfach &#8230; Ob Sie gleich einen Laptop mitnehmen oder nur ein kleineres Ger\u00e4t wie einen PDA: TurboMed macht es Ihnen einfach. Auf Ihrem mobilem Ger\u00e4t (auf welchem sich alle Praxisdaten befinden), k\u00f6nnen Sie w\u00e4hrend des Hausbesuches beliebige Eingaben machen &#8211; Befunde erfassen und bspw. Formulare\/Rezepte ausf\u00fcllen. Wenn Sie wieder in der Praxis sind, ist [&hellip;]<\/p>\n","protected":false},"author":1,"featured_media":0,"parent":285,"menu_order":15,"comment_status":"closed","ping_status":"closed","template":"","meta":{"footnotes":""},"class_list":["post-22","page","type-page","status-publish","hentry"],"_links":{"self":[{"href":"https:\/\/www.ilmenau.org\/sites\/wp-json\/wp\/v2\/pages\/22","targetHints":{"allow":["GET"]}}],"collection":[{"href":"https:\/\/www.ilmenau.org\/sites\/wp-json\/wp\/v2\/pages"}],"about":[{"href":"https:\/\/www.ilmenau.org\/sites\/wp-json\/wp\/v2\/types\/page"}],"author":[{"embeddable":true,"href":"https:\/\/www.ilmenau.org\/sites\/wp-json\/wp\/v2\/users\/1"}],"replies":[{"embeddable":true,"href":"https:\/\/www.ilmenau.org\/sites\/wp-json\/wp\/v2\/comments?post=22"}],"version-history":[{"count":4,"href":"https:\/\/www.ilmenau.org\/sites\/wp-json\/wp\/v2\/pages\/22\/revisions"}],"predecessor-version":[{"id":889,"href":"https:\/\/www.ilmenau.org\/sites\/wp-json\/wp\/v2\/pages\/22\/revisions\/889"}],"up":[{"embeddable":true,"href":"https:\/\/www.ilmenau.org\/sites\/wp-json\/wp\/v2\/pages\/285"}],"wp:attachment":[{"href":"https:\/\/www.ilmenau.org\/sites\/wp-json\/wp\/v2\/media?parent=22"}],"curies":[{"name":"wp","href":"https:\/\/api.w.org\/{rel}","templated":true}]}}