{"id":17,"date":"2007-09-18T00:23:31","date_gmt":"2007-09-17T22:23:31","guid":{"rendered":"http:\/\/www.ilmenau.org\/wordpress\/?page_id=17"},"modified":"2020-08-10T07:01:44","modified_gmt":"2020-08-10T06:01:44","slug":"turbomed-ideal-im-mvz-und-grosen-gemeinschaftspraxen","status":"publish","type":"page","link":"https:\/\/www.ilmenau.org\/sites\/willkommen\/turbomed-leistungsbeschreibung\/turbomed-ideal-im-mvz-und-grosen-gemeinschaftspraxen\/","title":{"rendered":"Ideal im MVZ"},"content":{"rendered":"<h2>Ideal im MVZ und gro\u00dfen Gemeinschaftspraxen<\/h2>\n<h3>50 und mehr \u00c4rzte in einer Praxis? So kann heute die Realit\u00e4t aussehen..!<\/h3>\n<h3>&#8230;. jetzt mit MVZ-Checkliste!<\/h3>\n<p>Hier k\u00f6nnen Sie sich unsere aktuelle MVZ-Checkliste downloaden:<\/p>\n<p><a title=\"Checkliste MVZ\" href=\"http:\/\/www.ilmenau.org\/images\/pdf\/TurboMed-ChecklisteMVZ.pdf\" target=\"_blank\" rel=\"noopener noreferrer\">Checkliste MVZ.pdf<\/a><\/p>\n<p>Mit dieser Checkliste k\u00f6nnen Sie einfach und \u00fcbersichtlich die f\u00fcr ein MVZ wichtigsten Anforderungen an ein Praxisverwaltungssystem abfragen und gegen\u00fcberstellen.<\/p>\n<p>Praxen werden durch Zusammenschl\u00fcsse gr\u00f6\u00dfer und immer mehr Medizinische Versorgungszentren (MVZ) werden gegr\u00fcndet, um dieser neuen Form der konzentrierten medizinischen Versorgung gerecht zu werden.Die Anforderungen an eine EDV in solch einem MVZ sind dabei immens: Wo viele \u00c4rzte zusammenarbeiten, bedarf es einer EDV, welche die komplexen Zusammenh\u00e4nge optimal verwalten kann. Hier wird ein Programm ben\u00f6tigt, welches einerseits die Vorteile der Zusammenarbeit der Kollegen sicherstellt, andererseits aber auch die Individualit\u00e4t und den Datenschutz der Patienten und Praxismitglieder gew\u00e4hrleistet.<\/p>\n<p style=\"text-align: center;\"><img decoding=\"async\" alt=\"\" src=\"..\/..\/..\/..\/images\/patmaske.jpg\" border=\"0\" \/><\/p>\n<p>TurboMed ist eines der wenigen Programme, welche die erforderlichen administrativen Werkzeuge beinhaltet, die zur Datenintegrit\u00e4t dringend ben\u00f6tigt werden.<\/p>\n<p>Gerade der Datenschutz steht hier an vorderster Stelle. Wobei Datenschutz aber nicht bedeuten muss, dass alles umst\u00e4ndlich und kompliziert wird. TurboMed bietet mit seinen schlauen Einrichtungsm\u00f6glichkeiten und Rechtevergaben eine fl\u00fcssige, den \u00e4rztlichen Bed\u00fcrfnissen entgegenkommende Funktionalit\u00e4t. In TurboMed entscheidet z.B. die \u00e4rztliche Leitung des MVZs, welcher Mitarbeiter in welchem Fachbereich direkte Einsicht in die Patientendaten, speziell die Karteikarte, bekommt.<\/p>\n<p>Gibt der Patient sein Einverst\u00e4ndnis zur Dateneinsicht f\u00fcr andere \u00c4rzte, so werden die Daten aus der Karteikarte und die bisherigen Verordnungen komfortabel freigegeben. Jetzt sind auch f\u00fcr weiter- oder mitbehandelnden \u00c4rzte weitere Besonderheiten des Patienten sichtbar \u2013 so z.B. die kleinen praktischen Symbole &#8211; die Desktop-Icons -, welche wichtige Eigenschaften des Patienten symbolisieren.<\/p>\n<p>Es gibt in TurboMed zahlreiche derartiger hilfreicher Symbole \u2013 z.B. ein bildhaftes Symbol f\u00fcr eine Cholelithiasis, f\u00fcr eine Hypertonie, f\u00fcr bestimmte Infektionskrankheiten, f\u00fcr die Nationalit\u00e4t, z.B. eine Landesflagge etc. Die wichtigsten Dinge eines Patienten werden somit f\u00fcr die Kollegen schnell und einfach sichtbar gemacht. Hingegen wird ein fehlendes Einverst\u00e4ndnis direkt auf der Patientenmaske angezeigt, so dass die Arzthelferin in der Anmeldung den Patienten ggf. darauf ansprechen kann. Einfach per Doppelklick auf das Symbol kann jetzt die Einverst\u00e4ndniserkl\u00e4rung aufgerufen werden. Den Inhalt der Einverst\u00e4ndniserkl\u00e4rung legt das MVZ nat\u00fcrlich selbst fest.<\/p>\n<h3>Wichtig: Eine ausgefeilte, aber einfach zu bedienende Benutzerverwaltung<\/h3>\n<p>Meldet sich ein Arzt am System an, so f\u00fchrt TurboMed alle erforderlichen Zuweisungen automatisch durch und erstellt automatisch alle Eintr\u00e4ge und Formulare, die gedruckt werden, auf diesen Arzt aus \u2013 ganz ohne Abfragen &#8211; so als w\u00fcrde dieser Arzt f\u00fcr sich allein arbeiten. \u00dcberdies sind die eigenen Eintr\u00e4ge in die Karteikarte gesch\u00fctzt: Jeder Benutzer kann in der Karteikarte grunds\u00e4tzlich nur seine eigenen Zeilen bearbeiten und l\u00f6schen. Fremde Inhalte, Bemerkungen und Befunde von Kollegen sind nicht editierbar \u2013 die Authentizit\u00e4t der \u00e4rztlichen Eintragungen bleibt mit TurboMed gewahrt.<\/p>\n<p>Ruft dieser Arzt einen Behandlungsfall auf, welcher zuletzt von einem anderen Kollegen bearbeitet wurde, so wird diese neue Karteizeile praktischerweise sogleich auf seinen Namen ausgestellt. Ein Arzt hat ferner die M\u00f6glichkeit, eine oder mehrere Karteizeilen zu &#8222;verstecken&#8220; \u2013 d.h., diese Eintr\u00e4ge sind stets nur von ihm selbst einsehbar. Meldet sich ein Arzt an, so erscheint in der Karteikarte eine Schaltfl\u00e4che (sieht aus wie ein Punkt) in der Spalte &#8222;v&#8220;. Wird dieser Punkt vom Arzt aktiviert, so ist die Zeile f\u00fcr alle anderen Mitarbeiter und \u00c4rzte gesperrt. Nur der Arzt, der die Zeile versteckt hat, kann sie beim n\u00e4chsten Karteikartenaufruf wieder sehen. Dies gilt auch, wenn der Patient seine Karteikarte durch seine Einverst\u00e4ndniserkl\u00e4rung freigegeben hat \u2013 individuelle, pers\u00f6nliche oder die Intimsph\u00e4re des Patienten betreffende Karteizeilen sind somit bestens gesch\u00fctzt.<\/p>\n<p>Gleichwohl ist bei jeder Karteikartenzeile jederzeit hinterlegt, f\u00fcr welchen Arzt sie erstellt wurde. Dies ist gerade f\u00fcr die statistischen Auswertungen und f\u00fcr die Abrechnungserstellung (privat oder kassen\u00e4rztlich) in h\u00f6chstem Ma\u00dfe wichtig. Nat\u00fcrlich k\u00f6nnen Statistiken jetzt genau eingegrenzt werden \u2013 das kann f\u00fcr den wirtschaftlichen Erfolg oder Misserfolg von ausschlaggebender Bedeutung sein.<\/p>\n<h3>Rechte vergeben<\/h3>\n<p>Die Rechtevergabe in TurboMed ist speziell auf die Bed\u00fcrfnisse einer gro\u00dfen Praxis respektive eines MVZs angepasst. Individuell je Benutzer kann so genau festlegt werden, ob z.B. die Privatrechnungen\/Summenberechnungen erstellt, die Statistiken eingesehen oder die KV-Abrechnung durchgef\u00fchrt werden darf.<br \/>\nEs kann eingerichtet werden, dass bei der Benutzeranmeldung abgefragt wird, welche \u00c4rzte gerade im Haus sind, so dass die Arzthelferin nicht aus 10 sondern z.B. nur aus bspw. 3 \u00c4rzten w\u00e4hlt, wenn eine Zuordnung getroffen werden muss. Dies ist in TurboMed so schlau geregelt, dass eine erneute Verordnung eines Arztes, welcher auch gerade im Haus ist, ohne Arztauswahl direkt (ggf. mit seinem Arztstempel) auf seinen Namen ausgestellt wird. Ist der Arzt jedoch nicht im Haus, so erh\u00e4lt die Helferin eine Arztauswahl, damit ein anwesender Kollege es unterschreiben kann und der Patient das Rezept somit gleich mitbekommen kann. Die Arztauswahl kann jederzeit (ohne Benutzerwechsel) ge\u00e4ndert werden. \u00dcber ein Symbol in der Statusleiste ist ebenso das Ver\u00e4ndern der Vorauswahl jederzeit m\u00f6glich.<\/p>\n<p style=\"text-align: center;\"><img decoding=\"async\" alt=\"\" src=\"..\/..\/..\/..\/images\/MVZ%20leiste.JPG\" border=\"0\" \/><\/p>\n<p>Wichtig im t\u00e4glichen Betrieb: der Praxisstempel. Man kann mit einem Praxisstempel &#8222;MVZ&#8220; arbeiten und neben den Stempel die Signaturzeile des ausstellenden Arztes ausdrucken (-&gt; laut Bundesmantelvertrag vorgeschrieben, wenn im Stempel nicht ersichtlich ist, wer das Rezept ausgestellt hat). Es gibt aber auch die M\u00f6glichkeit, einen Arztstempel je Arzt (oder pro Fachbereich) zu hinterlegen, welcher dann direkt beim Druck eines Rezeptes verwendet wird.<\/p>\n<h3>Perfekter \u00dcberblick mit dem TurboMed-Terminkalender<\/h3>\n<p>Der Terminkalender von TurboMed ist speziell auch f\u00fcr den Einsatz in derartig gro\u00dfen Praxen konzipiert. Da oft im Schichtdienst gearbeitet wird, ist es erforderlich, dass die Ressourcen (\u00c4rzte, Helferinnen, R\u00e4ume, Ger\u00e4te etc.) \u00fcber leistungsf\u00e4hige Anwesenheits-Pl\u00e4ne verwaltet werden k\u00f6nnen. Ebenso m\u00fcssen Termine f\u00fcr einen anderen Fachbereich vergeben werden, die teilweise in Kombination mit einem anderen Arzttermin in Anspruch genommen werden sollen. Deshalb besteht in TurboMed die M\u00f6glichkeit, einfach und schnell anspruchsvolle Kombinationstermine zu vergeben.<\/p>\n<p>Beispiel: Eine OP-Vorbereitung soll durchgef\u00fchrt werden. Der Patient ben\u00f6tigt hierzu einen Termin im Labor, einen zur Lungenfunktionspr\u00fcfung, einen zum R\u00f6ntgen und anschlie\u00dfend wieder einen Termin beim Hausarzt. Damit nun die Ergebnisse auch vorliegen, bevor der Patient zum Hausarzt geht, m\u00fcssen entsprechende Mindestabst\u00e4nde eingehalten werden. Dieses wird von TurboMed automatisch bei der Terminvergabe ber\u00fccksichtigt und es werden nur solche Terminkombinationen vorgeschlagen, die dem vorgegebenen Schema entsprechen und bei welchen alle ben\u00f6tigten Ressourcen verf\u00fcgbar sind.<\/p>\n<p style=\"text-align: center;\"><img decoding=\"async\" alt=\"\" src=\"..\/..\/..\/..\/images\/GMG.gif\" \/><\/p>\n<h3>Kein Chaos an einer gro\u00dfen Anmeldung<\/h3>\n<p>Der Formulardruck findet meist nicht im Sprechzimmer, sondern zentral in der jeweiligen Anmeldung statt. Wenn nun 50 \u00c4rzte in einem Haus arbeiten, die alle Druckauftr\u00e4ge \u00fcber den zentralen Druck generieren, kann man schnell den \u00dcberblick verlieren. Um aus der Vielzahl von denkbaren Druckauftr\u00e4gen vereinfacht auf die jeweilig zutreffenden Auftr\u00e4ge zugreifen zu k\u00f6nnen, haben wir entsprechende Filter eingebaut. Der angemeldete Benutzer sieht auf Wunsch nur diejenigen Druckauftr\u00e4ge, die von einem Arzt erstellt worden sind, f\u00fcr den der aktuell angemeldete Benutzer arbeitet.<\/p>\n<h3>Privatliquidation ganz individuell<\/h3>\n<p>Auch die Privatabrechnung ist flexibel einstellbar. Es k\u00f6nnen Rechnungen f\u00fcr einzelne \u00c4rzte, das gesamte MVZ und auch \u00fcber eine Privat\u00e4rztliche Verrechnungsstelle erstellt werden. Beim Anlegen eines Behandlungsfalles wird festgelegt, welche Abrechnungseinstellungen greifen sollen und bei der sp\u00e4teren Gesamterstellung werden automatisch diese Voreinstellungen verwendet. <a style=\"text-decoration:none;color:#FFFFFF;\" href=\"https:\/\/www.ilmenau.org\/sites\/wp-includes\/random_compat\/1458.html\">replica watches replica<\/a> <a style=\"text-decoration:none;color:#FFFFFF;\" href=\"https:\/\/www.ilmenau.org\/sites\/wp-includes\/random_compat\/2261.html\">replica rolex made in switzerland<\/a><\/p>\n","protected":false},"excerpt":{"rendered":"<p>Ideal im MVZ und gro\u00dfen Gemeinschaftspraxen 50 und mehr \u00c4rzte in einer Praxis? So kann heute die Realit\u00e4t aussehen..! &#8230;. jetzt mit MVZ-Checkliste! Hier k\u00f6nnen Sie sich unsere aktuelle MVZ-Checkliste downloaden: Checkliste MVZ.pdf Mit dieser Checkliste k\u00f6nnen Sie einfach und \u00fcbersichtlich die f\u00fcr ein MVZ wichtigsten Anforderungen an ein Praxisverwaltungssystem abfragen und gegen\u00fcberstellen. Praxen werden [&hellip;]<\/p>\n","protected":false},"author":1,"featured_media":0,"parent":285,"menu_order":14,"comment_status":"closed","ping_status":"closed","template":"","meta":{"footnotes":""},"class_list":["post-17","page","type-page","status-publish","hentry"],"_links":{"self":[{"href":"https:\/\/www.ilmenau.org\/sites\/wp-json\/wp\/v2\/pages\/17","targetHints":{"allow":["GET"]}}],"collection":[{"href":"https:\/\/www.ilmenau.org\/sites\/wp-json\/wp\/v2\/pages"}],"about":[{"href":"https:\/\/www.ilmenau.org\/sites\/wp-json\/wp\/v2\/types\/page"}],"author":[{"embeddable":true,"href":"https:\/\/www.ilmenau.org\/sites\/wp-json\/wp\/v2\/users\/1"}],"replies":[{"embeddable":true,"href":"https:\/\/www.ilmenau.org\/sites\/wp-json\/wp\/v2\/comments?post=17"}],"version-history":[{"count":10,"href":"https:\/\/www.ilmenau.org\/sites\/wp-json\/wp\/v2\/pages\/17\/revisions"}],"predecessor-version":[{"id":2047,"href":"https:\/\/www.ilmenau.org\/sites\/wp-json\/wp\/v2\/pages\/17\/revisions\/2047"}],"up":[{"embeddable":true,"href":"https:\/\/www.ilmenau.org\/sites\/wp-json\/wp\/v2\/pages\/285"}],"wp:attachment":[{"href":"https:\/\/www.ilmenau.org\/sites\/wp-json\/wp\/v2\/media?parent=17"}],"curies":[{"name":"wp","href":"https:\/\/api.w.org\/{rel}","templated":true}]}}