{"id":1684,"date":"2017-09-18T01:24:09","date_gmt":"2017-09-18T00:24:09","guid":{"rendered":"http:\/\/www.ilmenau.org\/sites\/?page_id=1684"},"modified":"2021-04-03T00:24:55","modified_gmt":"2021-04-02T23:24:55","slug":"medikationsplan-anspruch-ab-drei-arzneien","status":"publish","type":"page","link":"https:\/\/www.ilmenau.org\/sites\/medikationsplan-anspruch-ab-drei-arzneien\/","title":{"rendered":"Medikationsplan &#8211; Anspruch ab drei Arzneien"},"content":{"rendered":"<h2>Medikationsplan &#8211; Anspruch ab drei Arzneien<\/h2>\n<p><span style=\"font-size: 14pt;\"><strong>Erkl\u00e4rvideos <\/strong><\/span><br \/>\n<a href=\"http:\/\/www.kv-on.de\/media\/video\/dat_bmp_schwenzer_010317.mp4\"><img loading=\"lazy\" decoding=\"async\" class=\"aligncenter size-medium wp-image-1579\" src=\"https:\/\/www.ilmenau.org\/sites\/wp-content\/uploads\/2007\/09\/Bildschirmfoto-2017-03-22-um-14.17.48-520x270.jpg\" alt=\"\" width=\"520\" height=\"270\" srcset=\"https:\/\/www.ilmenau.org\/sites\/wp-content\/uploads\/2007\/09\/Bildschirmfoto-2017-03-22-um-14.17.48-520x270.jpg 520w, https:\/\/www.ilmenau.org\/sites\/wp-content\/uploads\/2007\/09\/Bildschirmfoto-2017-03-22-um-14.17.48-150x78.jpg 150w, https:\/\/www.ilmenau.org\/sites\/wp-content\/uploads\/2007\/09\/Bildschirmfoto-2017-03-22-um-14.17.48.jpg 641w\" sizes=\"auto, (max-width: 520px) 100vw, 520px\" \/><\/a><\/p>\n<p><a href=\"http:\/\/www.kv-on.de\/media\/video\/13102016_bundeseinheitlicher%20medikationsplan.mp4\"><img loading=\"lazy\" decoding=\"async\" class=\"aligncenter size-medium wp-image-1581\" src=\"https:\/\/www.ilmenau.org\/sites\/wp-content\/uploads\/2007\/09\/Bildschirmfoto-2017-03-22-um-14.31.36-520x268.jpg\" alt=\"\" width=\"520\" height=\"268\" srcset=\"https:\/\/www.ilmenau.org\/sites\/wp-content\/uploads\/2007\/09\/Bildschirmfoto-2017-03-22-um-14.31.36-520x268.jpg 520w, https:\/\/www.ilmenau.org\/sites\/wp-content\/uploads\/2007\/09\/Bildschirmfoto-2017-03-22-um-14.31.36-150x77.jpg 150w, https:\/\/www.ilmenau.org\/sites\/wp-content\/uploads\/2007\/09\/Bildschirmfoto-2017-03-22-um-14.31.36.jpg 727w\" sizes=\"auto, (max-width: 520px) 100vw, 520px\" \/><\/a><br \/>\n<strong>21.09.2016 KVNO aktuell<\/strong><br \/>\nGesetzlich Versicherte haben ab 1.\u00a0Oktober 2016 einen Anspruch auf einen Medikationsplan, wenn sie drei oder mehr Medikamente gleichzeitig anwenden. Den Plan gibt es zun\u00e4chst nur auf Papier.<\/p>\n<p>Der Medikationsplan soll eine \u00dcbersicht \u00fcber die verschreibungspflichtigen und frei verk\u00e4uflichen Arzneimittel (Gr\u00fcnes Rezept) eines Patienten enthalten. Die Praxen sollen unter anderem Wirkstoff, Dosierung, Einnahmegrund und sonstige Hinweise zur Einnahme auff\u00fchren (wir berichteten). Die Hinweise soll die Praxissoftware automatisch liefern. Die Inhalte des Medikationsplans haben die Kassen\u00e4rztliche Bundesvereinigung, die Bundes\u00e4rztekammer und der Deutsche Apothekerverband festgelegt.<\/p>\n<p>Die Ausgabe\u00a0eines\u00a0Medikationsplans ist ab 1.\u00a0Oktober 2016 Pflicht, das schreibt das E-Health-Gesetz vor. Vor allem die Hausarztpraxen d\u00fcrften die Pl\u00e4ne erstmalig erstellen. Die Aktualisierung soll sich dann auf mehr Schultern verteilen, auch Apotheken und Krankenh\u00e4user sind dazu aufgerufen.<\/p>\n<p>Bis 31.\u00a0M\u00e4rz 2017 k\u00f6nnen \u00c4rzte die bisherigen Medikationspl\u00e4ne aus der Praxissoftware einsetzen,\u00a0ab April kommenden Jahres muss diese die vereinbarten Standards erf\u00fcllen. Auf dem dann einzusetzenden Medikationsplan ist ein Barcode aufgedruckt. Er enth\u00e4lt die Informationen des Plans in digitaler Form und erm\u00f6glicht, dass dieser unabh\u00e4ngig von der jeweiligen Praxis- oder Apothekensoftware per Scanner eingelesen und aktualisiert werden kann. Auf diesem Weg ist eine unkompliziertere Aktualisierung m\u00f6glich.<br \/>\nDazu sind \u00c4rzte immer dann verpflichtet, wenn sie die Medikation \u00e4ndern oder davon erfahren.<\/p>\n<p><strong>Verhandlung \u00fcber Verg\u00fctung<\/strong><br \/>\nMit den Medikationspl\u00e4nen kommt ein zus\u00e4tz\u00adlicher Aufwand auf die Praxen zu. Die KBV fordert eine angemessene Verg\u00fctung \u2013 und verhandelt diese zum Zeitpunkt des Redaktionsschlusses dieser Ausgabe mit den Krankenkassen. Die H\u00f6he der Verg\u00fctung ist noch offen, berichtet die stellvertretende KBV-Vorstandsvorsitzende Dipl.-Med. Regina Feldmann. Sollten sich KBV und GKV-Spitzenverband nicht einigen, m\u00fcsste das Bundeschiedsamt entscheiden.<br \/>\nAnmerkung: Die H\u00f6he des Honorars ist entschieden &#8211; Sie liegt bei max. 4,- \u20ac pro Jahr.<\/p>\n<p><a href=\"https:\/\/www.kbv.de\/html\/medikationsplan.php\">weiterlesen &#8230;..<\/a><\/p>\n<p><a href=\"http:\/\/service.turbomed.de\/download\/35595c3ce6a5e6c89b04e3f93f5270b6\" download=\"\">Drei Generationen Medikamenten-\/Medikationspl\u00e4ne<\/a><\/p>\n<p>Preiswerte Scanner finden Sie in K\u00fcrze an dieser Stelle<\/p>\n","protected":false},"excerpt":{"rendered":"<p>Medikationsplan &#8211; Anspruch ab drei Arzneien Erkl\u00e4rvideos 21.09.2016 KVNO aktuell Gesetzlich Versicherte haben ab 1.\u00a0Oktober 2016 einen Anspruch auf einen Medikationsplan, wenn sie drei oder mehr Medikamente gleichzeitig anwenden. Den Plan gibt es zun\u00e4chst nur auf Papier. Der Medikationsplan soll eine \u00dcbersicht \u00fcber die verschreibungspflichtigen und frei verk\u00e4uflichen Arzneimittel (Gr\u00fcnes Rezept) eines Patienten enthalten. Die [&hellip;]<\/p>\n","protected":false},"author":1,"featured_media":0,"parent":0,"menu_order":0,"comment_status":"closed","ping_status":"closed","template":"","meta":{"footnotes":""},"class_list":["post-1684","page","type-page","status-publish","hentry"],"_links":{"self":[{"href":"https:\/\/www.ilmenau.org\/sites\/wp-json\/wp\/v2\/pages\/1684","targetHints":{"allow":["GET"]}}],"collection":[{"href":"https:\/\/www.ilmenau.org\/sites\/wp-json\/wp\/v2\/pages"}],"about":[{"href":"https:\/\/www.ilmenau.org\/sites\/wp-json\/wp\/v2\/types\/page"}],"author":[{"embeddable":true,"href":"https:\/\/www.ilmenau.org\/sites\/wp-json\/wp\/v2\/users\/1"}],"replies":[{"embeddable":true,"href":"https:\/\/www.ilmenau.org\/sites\/wp-json\/wp\/v2\/comments?post=1684"}],"version-history":[{"count":3,"href":"https:\/\/www.ilmenau.org\/sites\/wp-json\/wp\/v2\/pages\/1684\/revisions"}],"predecessor-version":[{"id":2061,"href":"https:\/\/www.ilmenau.org\/sites\/wp-json\/wp\/v2\/pages\/1684\/revisions\/2061"}],"wp:attachment":[{"href":"https:\/\/www.ilmenau.org\/sites\/wp-json\/wp\/v2\/media?parent=1684"}],"curies":[{"name":"wp","href":"https:\/\/api.w.org\/{rel}","templated":true}]}}

<h2>Medikationsplan &#8211; Anspruch ab drei Arzneien</h2>
<p><span style="font-size: 14pt;"><strong>Erklärvideos </strong></span><br />
<a href="http://www.kv-on.de/media/video/dat_bmp_schwenzer_010317.mp4"><img loading="lazy" decoding="async" class="aligncenter size-medium wp-image-1579" src="https://www.ilmenau.org/sites/wp-content/uploads/2007/09/Bildschirmfoto-2017-03-22-um-14.17.48-520x270.jpg" alt="" width="520" height="270" srcset="https://www.ilmenau.org/sites/wp-content/uploads/2007/09/Bildschirmfoto-2017-03-22-um-14.17.48-520x270.jpg 520w, https://www.ilmenau.org/sites/wp-content/uploads/2007/09/Bildschirmfoto-2017-03-22-um-14.17.48-150x78.jpg 150w, https://www.ilmenau.org/sites/wp-content/uploads/2007/09/Bildschirmfoto-2017-03-22-um-14.17.48.jpg 641w" sizes="auto, (max-width: 520px) 100vw, 520px" /></a></p>
<p><a href="http://www.kv-on.de/media/video/13102016_bundeseinheitlicher%20medikationsplan.mp4"><img loading="lazy" decoding="async" class="aligncenter size-medium wp-image-1581" src="https://www.ilmenau.org/sites/wp-content/uploads/2007/09/Bildschirmfoto-2017-03-22-um-14.31.36-520x268.jpg" alt="" width="520" height="268" srcset="https://www.ilmenau.org/sites/wp-content/uploads/2007/09/Bildschirmfoto-2017-03-22-um-14.31.36-520x268.jpg 520w, https://www.ilmenau.org/sites/wp-content/uploads/2007/09/Bildschirmfoto-2017-03-22-um-14.31.36-150x77.jpg 150w, https://www.ilmenau.org/sites/wp-content/uploads/2007/09/Bildschirmfoto-2017-03-22-um-14.31.36.jpg 727w" sizes="auto, (max-width: 520px) 100vw, 520px" /></a><br />
<strong>21.09.2016 KVNO aktuell</strong><br />
Gesetzlich Versicherte haben ab 1. Oktober 2016 einen Anspruch auf einen Medikationsplan, wenn sie drei oder mehr Medikamente gleichzeitig anwenden. Den Plan gibt es zunächst nur auf Papier.</p>
<p>Der Medikationsplan soll eine Übersicht über die verschreibungspflichtigen und frei verkäuflichen Arzneimittel (Grünes Rezept) eines Patienten enthalten. Die Praxen sollen unter anderem Wirkstoff, Dosierung, Einnahmegrund und sonstige Hinweise zur Einnahme aufführen (wir berichteten). Die Hinweise soll die Praxissoftware automatisch liefern. Die Inhalte des Medikationsplans haben die Kassenärztliche Bundesvereinigung, die Bundesärztekammer und der Deutsche Apothekerverband festgelegt.</p>
<p>Die Ausgabe eines Medikationsplans ist ab 1. Oktober 2016 Pflicht, das schreibt das E-Health-Gesetz vor. Vor allem die Hausarztpraxen dürften die Pläne erstmalig erstellen. Die Aktualisierung soll sich dann auf mehr Schultern verteilen, auch Apotheken und Krankenhäuser sind dazu aufgerufen.</p>
<p>Bis 31. März 2017 können Ärzte die bisherigen Medikationspläne aus der Praxissoftware einsetzen, ab April kommenden Jahres muss diese die vereinbarten Standards erfüllen. Auf dem dann einzusetzenden Medikationsplan ist ein Barcode aufgedruckt. Er enthält die Informationen des Plans in digitaler Form und ermöglicht, dass dieser unabhängig von der jeweiligen Praxis- oder Apothekensoftware per Scanner eingelesen und aktualisiert werden kann. Auf diesem Weg ist eine unkompliziertere Aktualisierung möglich.<br />
Dazu sind Ärzte immer dann verpflichtet, wenn sie die Medikation ändern oder davon erfahren.</p>
<p><strong>Verhandlung über Vergütung</strong><br />
Mit den Medikationsplänen kommt ein zusätz­licher Aufwand auf die Praxen zu. Die KBV fordert eine angemessene Vergütung – und verhandelt diese zum Zeitpunkt des Redaktionsschlusses dieser Ausgabe mit den Krankenkassen. Die Höhe der Vergütung ist noch offen, berichtet die stellvertretende KBV-Vorstandsvorsitzende Dipl.-Med. Regina Feldmann. Sollten sich KBV und GKV-Spitzenverband nicht einigen, müsste das Bundeschiedsamt entscheiden.<br />
Anmerkung: Die Höhe des Honorars ist entschieden &#8211; Sie liegt bei max. 4,- € pro Jahr.</p>
<p><a href="https://www.kbv.de/html/medikationsplan.php">weiterlesen &#8230;..</a></p>
<p><a href="http://service.turbomed.de/download/35595c3ce6a5e6c89b04e3f93f5270b6" download="">Drei Generationen Medikamenten-/Medikationspläne</a></p>
<p>Preiswerte Scanner finden Sie in Kürze an dieser Stelle</p>

<p>Medikationsplan &#8211; Anspruch ab drei Arzneien Erklärvideos 21.09.2016 KVNO aktuell Gesetzlich Versicherte haben ab 1. Oktober 2016 einen Anspruch auf einen Medikationsplan, wenn sie drei oder mehr Medikamente gleichzeitig anwenden. Den Plan gibt es zunächst nur auf Papier. Der Medikationsplan soll eine Übersicht über die verschreibungspflichtigen und frei verkäuflichen Arzneimittel (Grünes Rezept) eines Patienten enthalten. Die [&hellip;]</p>
