{"id":1678,"date":"2017-09-18T01:15:47","date_gmt":"2017-09-18T00:15:47","guid":{"rendered":"http:\/\/www.ilmenau.org\/sites\/?page_id=1678"},"modified":"2017-09-18T01:15:47","modified_gmt":"2017-09-18T00:15:47","slug":"update-der-kartenleser-orga-920m930m","status":"publish","type":"page","link":"https:\/\/www.ilmenau.org\/sites\/update-der-kartenleser-orga-920m930m\/","title":{"rendered":"Update der Kartenleser Orga 920M\/930M"},"content":{"rendered":"<h2>Update der Kartenleser Orga 920M\/930M<\/h2>\n<p>Mit Einf\u00fchrung der Kartengeneration 2 (Erkennbar an einem kleinen G2 in der rechten oberen Ecke) kann es vorkommen, dass \u00e4ltere Ger\u00e4te diese nicht mehr lesen k\u00f6nnen. Bitte \u00fcberpr\u00fcfen sie ihre Firmware-Version. <span style=\"color: #ff0000;\"><strong>Sollte ihre Firmware veraltet sein, k\u00f6nnen sie ihr Ger\u00e4t bei uns mit einem Update versehen lassen.<\/strong><\/span><\/p>\n<p><a class=\"lytebox\" href=\"https:\/\/www.ilmenau.org\/sites\/wp-content\/uploads\/2007\/09\/Bildschirmfoto-2017-01-12-um-09.24.10.jpg\"><img loading=\"lazy\" decoding=\"async\" class=\"aligncenter size-medium wp-image-1523\" src=\"https:\/\/www.ilmenau.org\/sites\/wp-content\/uploads\/2007\/09\/Bildschirmfoto-2017-01-12-um-09.24.10-350x600.jpg\" alt=\"bildschirmfoto-2017-01-12-um-09-24-10\" width=\"350\" height=\"600\" srcset=\"https:\/\/www.ilmenau.org\/sites\/wp-content\/uploads\/2007\/09\/Bildschirmfoto-2017-01-12-um-09.24.10-350x600.jpg 350w, https:\/\/www.ilmenau.org\/sites\/wp-content\/uploads\/2007\/09\/Bildschirmfoto-2017-01-12-um-09.24.10-87x150.jpg 87w, https:\/\/www.ilmenau.org\/sites\/wp-content\/uploads\/2007\/09\/Bildschirmfoto-2017-01-12-um-09.24.10.jpg 714w\" sizes=\"auto, (max-width: 350px) 100vw, 350px\" \/><\/a><\/p>\n","protected":false},"excerpt":{"rendered":"<p>Update der Kartenleser Orga 920M\/930M Mit Einf\u00fchrung der Kartengeneration 2 (Erkennbar an einem kleinen G2 in der rechten oberen Ecke) kann es vorkommen, dass \u00e4ltere Ger\u00e4te diese nicht mehr lesen k\u00f6nnen. Bitte \u00fcberpr\u00fcfen sie ihre Firmware-Version. Sollte ihre Firmware veraltet sein, k\u00f6nnen sie ihr Ger\u00e4t bei uns mit einem Update versehen lassen.<\/p>\n","protected":false},"author":1,"featured_media":0,"parent":0,"menu_order":0,"comment_status":"closed","ping_status":"closed","template":"","meta":{"footnotes":""},"class_list":["post-1678","page","type-page","status-publish","hentry"],"_links":{"self":[{"href":"https:\/\/www.ilmenau.org\/sites\/wp-json\/wp\/v2\/pages\/1678","targetHints":{"allow":["GET"]}}],"collection":[{"href":"https:\/\/www.ilmenau.org\/sites\/wp-json\/wp\/v2\/pages"}],"about":[{"href":"https:\/\/www.ilmenau.org\/sites\/wp-json\/wp\/v2\/types\/page"}],"author":[{"embeddable":true,"href":"https:\/\/www.ilmenau.org\/sites\/wp-json\/wp\/v2\/users\/1"}],"replies":[{"embeddable":true,"href":"https:\/\/www.ilmenau.org\/sites\/wp-json\/wp\/v2\/comments?post=1678"}],"version-history":[{"count":1,"href":"https:\/\/www.ilmenau.org\/sites\/wp-json\/wp\/v2\/pages\/1678\/revisions"}],"predecessor-version":[{"id":1679,"href":"https:\/\/www.ilmenau.org\/sites\/wp-json\/wp\/v2\/pages\/1678\/revisions\/1679"}],"wp:attachment":[{"href":"https:\/\/www.ilmenau.org\/sites\/wp-json\/wp\/v2\/media?parent=1678"}],"curies":[{"name":"wp","href":"https:\/\/api.w.org\/{rel}","templated":true}]}}