{"id":12,"date":"2007-09-18T00:22:08","date_gmt":"2007-09-17T22:22:08","guid":{"rendered":"http:\/\/www.ilmenau.org\/wordpress\/?page_id=12"},"modified":"2012-04-06T01:03:19","modified_gmt":"2012-04-06T00:03:19","slug":"abrechnung-der-arztlichen-leistungen","status":"publish","type":"page","link":"https:\/\/www.ilmenau.org\/sites\/willkommen\/turbomed-leistungsbeschreibung\/abrechnung-der-arztlichen-leistungen\/","title":{"rendered":"Abrechnung der \u00e4rztlichen Leistungen"},"content":{"rendered":"<ul>\n<li>Regelwerkspr\u00fcfung<\/li>\n<li>Privatliquidation<\/li>\n<li>integrierte Regressprophylaxe<\/li>\n<\/ul>\n<p style=\"text-align: justify;\">Das Abrechnen von erbrachten Leistungen geschieht mit TurboMed schnell und einfach. Mit der Funktionstaste F2 \u00f6ffnen Sie das frei positionierbare Abrechnungsfenster. Nat\u00fcrlich ist ein umfangreiches <strong>Regelwerk<\/strong> enthalten, welches auf den Vorgaben der Kassen\u00e4rztlichen Bundesvereinigung (<strong>KBV<\/strong>) aufbaut.<\/p>\n<p style=\"text-align: justify;\">Dieses Regelwerk pr\u00fcft den Ein- und Ausschlu\u00df von Ziffern. Auch f\u00fcr die Abrechnung der Privatpatienten ist das Regelwerk der GO\u00c4 enthalten. TurboMed reagiert sofort auf einen Regelversto\u00df und gibt einen entsprechenden Hinweis auf dem Bildschirm aus.<\/p>\n<p style=\"text-align: center;\"><a href=\"https:\/\/www.ilmenau.org\/sites\/?attachment_id=955\" rel=\"attachment wp-att-955\"><img decoding=\"async\" class=\"aligncenter  wp-image-955\" title=\"Abrechnung\" src=\"https:\/\/www.ilmenau.org\/sites\/wp-content\/uploads\/2007\/09\/Abrechnung.jpg\" alt=\"\" width=\"520\" srcset=\"https:\/\/www.ilmenau.org\/sites\/wp-content\/uploads\/2007\/09\/Abrechnung.jpg 550w, https:\/\/www.ilmenau.org\/sites\/wp-content\/uploads\/2007\/09\/Abrechnung-150x114.jpg 150w, https:\/\/www.ilmenau.org\/sites\/wp-content\/uploads\/2007\/09\/Abrechnung-300x228.jpg 300w\" sizes=\"(max-width: 550px) 100vw, 550px\" \/><\/a><\/p>\n<h3>Pr\u00fcflauf und KV-Abrechnung<\/h3>\n<p style=\"text-align: justify;\">Die\u00a0KV-Abrechnung\u00a0ist klar und \u00fcbersichtlich gegliedert.\u00a0Im Pr\u00fcflauf werden z\u00fcgig alle Patienten durchgegangen, anschlie\u00dfend kann die KVDT-Diskette beschrieben werden.<br \/>\nDie hohe Arbeitsgeschwindigkeit von TurboMed bei der KV-Abrechnung bietet den Vorteil einer bequemen Wiederholung: <strong>Beliebig oft<\/strong> kann ein Pr\u00fcflauf samt Abrechnung durchgef\u00fchrt werden &#8211; das ist nicht etwa &#8217;sch\u00e4dlich&#8216;. In manch anderen Programmen wird durch eine KV-Abrechnung irgendetwas &#8218;zur\u00fcckgesetzt oder markiert&#8216; &#8211; nicht so bei TurboMed: die KV-Abrechnung kann zu jedem beliebigen Zeitpunkt immer wieder gemacht werden. Wir empfehlen das sogar, damit die Helferinnen bereits im laufenden Quartal auf Fehler hingewiesen werden.<\/p>\n<p style=\"text-align: justify;\">\u00dcbrigens: Je nach Bedarf k\u00f6nnen einzelne Kostentr\u00e4ger, wie Knappschaften oder sonstige Kostentr\u00e4ger gesondert abgerechnet werden.<\/p>\n<p style=\"text-align: justify;\">Direkt nach der Erstellung der Abrechnung tritt das\u00a0Pr\u00fcfmodul der Bundes-KV in Aktion. Im Rahmen des Update-Service von TurboMed liefern wir Ihnen stets das aktuelle Pr\u00fcfmodul, wie im \u00fcbrigen auch die aktuellen offiziellen Kostentr\u00e4gerst\u00e4mme.<\/p>\n<h3>Privatabrechnung<\/h3>\n<p style=\"text-align: justify;\">Die komfortabelste L\u00f6sung, bei den Privatpatienten Rechnungen zu schreiben, ist die <strong>automatische Abrechnung<\/strong> aller bislang noch nicht abgerechneten Ziffern. Diese automatische Abrechnung kann mannigfaltig an verschiedene Gewohnheiten Ihrer Praxis angepa\u00dft werden. In den Voreinstellungen k\u00f6nnen diverse Besonderheiten eingestellt werden. So bspw.\u00a0ein &#8218;Mindestalter&#8216; einer abgerechneten Ziffer, ab dem eine Rechnung \u00fcberhaupt geschrieben wird. Dar\u00fcber hinaus k\u00f6nnen Sie auch eine Mindestsumme eingeben, ab der eine Rechnung erstellt werden soll etc.<\/p>\n<p style=\"text-align: center;\"><a href=\"https:\/\/www.ilmenau.org\/sites\/?attachment_id=958\" rel=\"attachment wp-att-958\"><img decoding=\"async\" class=\"aligncenter  wp-image-958\" title=\"PrivAbrEinstellung\" src=\"https:\/\/www.ilmenau.org\/sites\/wp-content\/uploads\/2007\/09\/PrivAbrEinstellung.jpg\" alt=\"\" width=\"520\" srcset=\"https:\/\/www.ilmenau.org\/sites\/wp-content\/uploads\/2007\/09\/PrivAbrEinstellung.jpg 550w, https:\/\/www.ilmenau.org\/sites\/wp-content\/uploads\/2007\/09\/PrivAbrEinstellung-150x114.jpg 150w, https:\/\/www.ilmenau.org\/sites\/wp-content\/uploads\/2007\/09\/PrivAbrEinstellung-300x228.jpg 300w\" sizes=\"(max-width: 550px) 100vw, 550px\" \/><\/a><\/p>\n<p style=\"text-align: justify;\">Vielf\u00e4ltig sind auch die M\u00f6glichkeiten der <strong>individuellen Rechnungsgestaltung<\/strong>. Wir liefern Ihnen eine gr\u00f6\u00dfere Anzahl von Vorschl\u00e4gen, wie Ihre Privatrechnung aussehen k\u00f6nnte. In eigenen Eingabefenstern k\u00f6nnen Sie bspw. eingeben, welche Texte und Fachbezeichnungen Ihr Privatrechnungskopf enthalten soll. Neben den \u00fcblichen Adress- und Namensdaten k\u00f6nnen Sie hier auch Telefon- und Faxnummern sowie eine Kurzanschrift f\u00fcr das Fenster eines Fensterbriefumschlages angeben.Beim Rechnungs-Erstellungslauf werden in hoher Geschwindigkeit alle Rechnungen der Reihe nach geschrieben und auf der Festplatte abgelegt. Ein Ausdruck ist wahlweise sofort oder zu einem beliebig sp\u00e4teren Zeitpunkt m\u00f6glich. Besonders angenehm: Eine bereits auf diese Art und Weise geschriebene Rechnung ist auch zu einem sp\u00e4teren Zeitpunkt noch modifizierbar. Jede geschriebene Rechnung kann \u00fcbrigens <strong>mit nur einer<\/strong> <strong>Taste<\/strong> aus der Karteikarte jederzeit wieder aufgerufen werden. Zus\u00e4tzlich gibt es eine Rechnungsliste: hier finden sich alle je geschriebenen Rechnungen wieder. Von hier aus k\u00f6nnen auch diverse Statistiken \u00fcber das erzielte Honorar get\u00e4tigt werden sowie weitere Dinge wie: Buchungen eines Zahlungseinganges, Exporte etc.<\/p>\n<p style=\"text-align: justify;\">Auch die gesamte Abrechnung des BG-Wesens ist mit TurboMed m\u00f6glich. Genau wie bei der Privatliquidation werden Rechnungen erstellt, welche \u00fcber Einzel- oder Stapeldruck ausdruckbar sind. Material sowie Sachkosteneintr\u00e4ge flie\u00dfen automatisch in den Rechnungsbetrag ein.<\/p>\n","protected":false},"excerpt":{"rendered":"<p>Regelwerkspr\u00fcfung Privatliquidation integrierte Regressprophylaxe Das Abrechnen von erbrachten Leistungen geschieht mit TurboMed schnell und einfach. Mit der Funktionstaste F2 \u00f6ffnen Sie das frei positionierbare Abrechnungsfenster. Nat\u00fcrlich ist ein umfangreiches Regelwerk enthalten, welches auf den Vorgaben der Kassen\u00e4rztlichen Bundesvereinigung (KBV) aufbaut. Dieses Regelwerk pr\u00fcft den Ein- und Ausschlu\u00df von Ziffern. Auch f\u00fcr die Abrechnung der Privatpatienten [&hellip;]<\/p>\n","protected":false},"author":1,"featured_media":0,"parent":285,"menu_order":4,"comment_status":"closed","ping_status":"closed","template":"","meta":{"footnotes":""},"class_list":["post-12","page","type-page","status-publish","hentry"],"_links":{"self":[{"href":"https:\/\/www.ilmenau.org\/sites\/wp-json\/wp\/v2\/pages\/12","targetHints":{"allow":["GET"]}}],"collection":[{"href":"https:\/\/www.ilmenau.org\/sites\/wp-json\/wp\/v2\/pages"}],"about":[{"href":"https:\/\/www.ilmenau.org\/sites\/wp-json\/wp\/v2\/types\/page"}],"author":[{"embeddable":true,"href":"https:\/\/www.ilmenau.org\/sites\/wp-json\/wp\/v2\/users\/1"}],"replies":[{"embeddable":true,"href":"https:\/\/www.ilmenau.org\/sites\/wp-json\/wp\/v2\/comments?post=12"}],"version-history":[{"count":10,"href":"https:\/\/www.ilmenau.org\/sites\/wp-json\/wp\/v2\/pages\/12\/revisions"}],"predecessor-version":[{"id":353,"href":"https:\/\/www.ilmenau.org\/sites\/wp-json\/wp\/v2\/pages\/12\/revisions\/353"}],"up":[{"embeddable":true,"href":"https:\/\/www.ilmenau.org\/sites\/wp-json\/wp\/v2\/pages\/285"}],"wp:attachment":[{"href":"https:\/\/www.ilmenau.org\/sites\/wp-json\/wp\/v2\/media?parent=12"}],"curies":[{"name":"wp","href":"https:\/\/api.w.org\/{rel}","templated":true}]}}