{"id":10,"date":"2007-09-18T00:21:46","date_gmt":"2007-09-17T22:21:46","guid":{"rendered":"http:\/\/www.ilmenau.org\/wordpress\/?page_id=10"},"modified":"2012-04-06T00:54:00","modified_gmt":"2012-04-05T23:54:00","slug":"patienten-management","status":"publish","type":"page","link":"https:\/\/www.ilmenau.org\/sites\/willkommen\/turbomed-leistungsbeschreibung\/patienten-management\/","title":{"rendered":"Patienten-Management"},"content":{"rendered":"<ul>\n<li>Wartezimmer immer im \u00dcberblick<\/li>\n<li>ndividueller Terminkalender<\/li>\n<li>Recall-Funktion<\/li>\n<\/ul>\n<p>TurboMed beinhaltet eine Reihe von Funktionen zum Patienten-Management, die Ihnen bei der Verwaltung Ihrer Praxis helfen. So sind die verschiedenen Kalender und Listen zur Organisation des Tagesablaufes und des Patientenflusses \u00e4u\u00dferst hilfreich.<\/p>\n<p style=\"text-align: center;\"><a href=\"https:\/\/www.ilmenau.org\/sites\/?attachment_id=941\" rel=\"attachment wp-att-941\"><img loading=\"lazy\" decoding=\"async\" class=\"aligncenter size-full wp-image-941\" title=\"Wartezimmerliste\" src=\"https:\/\/www.ilmenau.org\/sites\/wp-content\/uploads\/2007\/09\/Wartezimmerliste.gif\" alt=\"\" width=\"365\" height=\"152\" srcset=\"https:\/\/www.ilmenau.org\/sites\/wp-content\/uploads\/2007\/09\/Wartezimmerliste.gif 365w, https:\/\/www.ilmenau.org\/sites\/wp-content\/uploads\/2007\/09\/Wartezimmerliste-150x62.gif 150w, https:\/\/www.ilmenau.org\/sites\/wp-content\/uploads\/2007\/09\/Wartezimmerliste-300x124.gif 300w\" sizes=\"auto, (max-width: 365px) 100vw, 365px\" \/><\/a><\/p>\n<p style=\"text-align: justify;\">TurboMed verf\u00fcgt \u00fcber eine Wartezimmerliste mit frei definierbaren Praxisbereichen (bspw. Wartezimmer, Sprechzimmer, Labor usw.), wodurch der Patient auf eine der durchzuf\u00fchrenden Behandlung angepassten Wartezimmerliste gesetzt werden kann. Jedem Patienten k\u00f6nnen freie Bemerkungen beigestellt werden, die den Arzt und die Helferinnen auf die Besonderheiten dieses Falles hinweisen. Durch leicht erkennbare Symbole, den Smileys neben der Uhrzeit, wird die Wartezeit symbolisch dargestellt. Der Smiley zeigt durch seine Farbe die Wartezeit des Patienten an. Dabei wechselt die Farbe und der Gesichtsausdruck des Smileys von gr\u00fcn \u00fcber gelb nach rot. Je roter und grimmiger ein Smiley, desto l\u00e4nger wartet der Patient! Im \u00fcbersichtlich gestalteten TurboMed-Terminkalender lassen sich f\u00fcr die verschiedenen Praxisbereiche unabh\u00e4ngig voneinander Termine verwalten. \u00dcber verschiedene Ansichten ist es m\u00f6glich, schnell einen Tag oder auch eine Woche zu \u00fcberblicken. Eine Doppelbelegung, bspw. des EKG-Raums, kann so wirkungsvoll vermieden werden sowie die Belegung uhrzeitgenau erfolgen. Der Patient f\u00fchlt sich so aufmerksam und bevorzugt behandelt, da er keine oder kaum Wartezeiten erlebt.<\/p>\n<p style=\"text-align: justify;\"><a href=\"https:\/\/www.ilmenau.org\/sites\/?attachment_id=937\" rel=\"attachment wp-att-937\"><img loading=\"lazy\" decoding=\"async\" class=\"aligncenter  wp-image-937\" title=\"Wartezimmerliste\" src=\"https:\/\/www.ilmenau.org\/sites\/wp-content\/uploads\/2007\/09\/Wartezimmerliste.jpg\" alt=\"\" width=\"520\" height=\"384\" srcset=\"https:\/\/www.ilmenau.org\/sites\/wp-content\/uploads\/2007\/09\/Wartezimmerliste.jpg 600w, https:\/\/www.ilmenau.org\/sites\/wp-content\/uploads\/2007\/09\/Wartezimmerliste-150x110.jpg 150w, https:\/\/www.ilmenau.org\/sites\/wp-content\/uploads\/2007\/09\/Wartezimmerliste-300x221.jpg 300w\" sizes=\"auto, (max-width: 520px) 100vw, 520px\" \/><\/a><br \/>\nIm Terminkalender gen\u00fcgt ein einfacher Mausklick auf einen Patientennamen und TurboMed springt direkt zu diesem Patienten (also in die Patientenansicht Mit der Recall-Funktion werden Sie automatisch an wichtige Termine Ihres Patienten erinnert. So sind Impf-Termine, Untersuchungsreihen oder die regelm\u00e4\u00dfige Nachsorge sichergestellt. Ob nur ein oder gleich mehrere Termine f\u00e4llig sind und mit welchem Datum die Serie beginnt, ist f\u00fcr jeden Patienten frei einstellbar.<\/p>\n<p style=\"text-align: center;\"><a href=\"https:\/\/www.ilmenau.org\/sites\/?attachment_id=940\" rel=\"attachment wp-att-940\"><img loading=\"lazy\" decoding=\"async\" class=\"aligncenter size-full wp-image-940\" title=\"Recalls\" src=\"https:\/\/www.ilmenau.org\/sites\/wp-content\/uploads\/2007\/09\/Recalls.gif\" alt=\"\" width=\"363\" height=\"242\" srcset=\"https:\/\/www.ilmenau.org\/sites\/wp-content\/uploads\/2007\/09\/Recalls.gif 363w, https:\/\/www.ilmenau.org\/sites\/wp-content\/uploads\/2007\/09\/Recalls-150x100.gif 150w, https:\/\/www.ilmenau.org\/sites\/wp-content\/uploads\/2007\/09\/Recalls-300x200.gif 300w\" sizes=\"auto, (max-width: 363px) 100vw, 363px\" \/><\/a><\/p>\n<p>Direkt bei dem betreffenden Patienten werden die Recall-Termine in einem Fenster eingetragen bzw. aus der vordefinierten Liste ausgew\u00e4hlt. Ein Recall-Eintrag wird im Patientenmen\u00fc deutlich unterhalb des Cave-Hinweises angezeigt. Zu einem festgelegten Zeitpunkt vor dem f\u00e4lligen Termin wird ein deutlicher Hinweis ausgegeben, der Sie an den bevorstehenden Termin erinnert.<br \/>\nMit dieser Information kann der Patient per Telefonat, Post oder E-Mail\/SMS an seinen Termin erinnert werden. Neben der medizinischen Indikation des Termins ist das Recall-System aber auch ein wichtiger Bestandteil des Praxis-Marketing und bindet \u00fcber die aktive Kommunikation den Patienten an die Praxis.<\/p>\n<p>Dank der umfangreichen Suche, \u00fcber die TurboMed verf\u00fcgt, k\u00f6nnen Sie die Patientendatenbank schnell und effektiv nach Diagnosen, Abrechnungsziffern etc. durchsuchen.<\/p>\n","protected":false},"excerpt":{"rendered":"<p>Wartezimmer immer im \u00dcberblick ndividueller Terminkalender Recall-Funktion TurboMed beinhaltet eine Reihe von Funktionen zum Patienten-Management, die Ihnen bei der Verwaltung Ihrer Praxis helfen. So sind die verschiedenen Kalender und Listen zur Organisation des Tagesablaufes und des Patientenflusses \u00e4u\u00dferst hilfreich. TurboMed verf\u00fcgt \u00fcber eine Wartezimmerliste mit frei definierbaren Praxisbereichen (bspw. Wartezimmer, Sprechzimmer, Labor usw.), wodurch der [&hellip;]<\/p>\n","protected":false},"author":1,"featured_media":0,"parent":285,"menu_order":8,"comment_status":"closed","ping_status":"closed","template":"","meta":{"footnotes":""},"class_list":["post-10","page","type-page","status-publish","hentry"],"_links":{"self":[{"href":"https:\/\/www.ilmenau.org\/sites\/wp-json\/wp\/v2\/pages\/10","targetHints":{"allow":["GET"]}}],"collection":[{"href":"https:\/\/www.ilmenau.org\/sites\/wp-json\/wp\/v2\/pages"}],"about":[{"href":"https:\/\/www.ilmenau.org\/sites\/wp-json\/wp\/v2\/types\/page"}],"author":[{"embeddable":true,"href":"https:\/\/www.ilmenau.org\/sites\/wp-json\/wp\/v2\/users\/1"}],"replies":[{"embeddable":true,"href":"https:\/\/www.ilmenau.org\/sites\/wp-json\/wp\/v2\/comments?post=10"}],"version-history":[{"count":14,"href":"https:\/\/www.ilmenau.org\/sites\/wp-json\/wp\/v2\/pages\/10\/revisions"}],"predecessor-version":[{"id":380,"href":"https:\/\/www.ilmenau.org\/sites\/wp-json\/wp\/v2\/pages\/10\/revisions\/380"}],"up":[{"embeddable":true,"href":"https:\/\/www.ilmenau.org\/sites\/wp-json\/wp\/v2\/pages\/285"}],"wp:attachment":[{"href":"https:\/\/www.ilmenau.org\/sites\/wp-json\/wp\/v2\/media?parent=10"}],"curies":[{"name":"wp","href":"https:\/\/api.w.org\/{rel}","templated":true}]}}